{"id":190,"date":"2020-07-27T17:35:39","date_gmt":"2020-07-27T15:35:39","guid":{"rendered":"https:\/\/forschung.fh-kaernten.at\/active-and-assisted-living\/?page_id=190"},"modified":"2020-07-27T17:37:08","modified_gmt":"2020-07-27T15:37:08","slug":"movinsi","status":"publish","type":"page","link":"https:\/\/forschung.fh-kaernten.at\/enable\/movinsi\/","title":{"rendered":"MOVINSI"},"content":{"rendered":"\t\t<div data-elementor-type=\"wp-page\" data-elementor-id=\"190\" class=\"elementor elementor-190\" data-elementor-post-type=\"page\">\n\t\t\t\t\t\t<section class=\"elementor-section elementor-top-section elementor-element elementor-element-1346843 elementor-section-boxed elementor-section-height-default elementor-section-height-default\" data-id=\"1346843\" data-element_type=\"section\" data-e-type=\"section\">\n\t\t\t\t\t\t<div class=\"elementor-container elementor-column-gap-default\">\n\t\t\t\t\t<div class=\"elementor-column elementor-col-100 elementor-top-column elementor-element elementor-element-6614703\" data-id=\"6614703\" data-element_type=\"column\" data-e-type=\"column\">\n\t\t\t<div class=\"elementor-widget-wrap elementor-element-populated\">\n\t\t\t\t\t\t<div class=\"elementor-element elementor-element-34a38e8 elementor-widget elementor-widget-heading\" data-id=\"34a38e8\" data-element_type=\"widget\" data-e-type=\"widget\" data-widget_type=\"heading.default\">\n\t\t\t\t<div class=\"elementor-widget-container\">\n\t\t\t\t\t<h2 class=\"elementor-heading-title elementor-size-default\">MOVINSI<\/h2>\t\t\t\t<\/div>\n\t\t\t\t<\/div>\n\t\t\t\t\t<\/div>\n\t\t<\/div>\n\t\t\t\t\t<\/div>\n\t\t<\/section>\n\t\t\t\t<section class=\"elementor-section elementor-top-section elementor-element elementor-element-bde727d elementor-section-boxed elementor-section-height-default elementor-section-height-default\" data-id=\"bde727d\" data-element_type=\"section\" data-e-type=\"section\">\n\t\t\t\t\t\t<div class=\"elementor-container elementor-column-gap-default\">\n\t\t\t\t\t<div class=\"elementor-column elementor-col-100 elementor-top-column elementor-element elementor-element-11dc8d3\" data-id=\"11dc8d3\" data-element_type=\"column\" data-e-type=\"column\">\n\t\t\t<div class=\"elementor-widget-wrap elementor-element-populated\">\n\t\t\t\t\t\t<div class=\"elementor-element elementor-element-ae79c00 elementor-widget elementor-widget-text-editor\" data-id=\"ae79c00\" data-element_type=\"widget\" data-e-type=\"widget\" data-widget_type=\"text-editor.default\">\n\t\t\t\t<div class=\"elementor-widget-container\">\n\t\t\t\t\t\t\t\t\t<h4><strong>MOVINSI \u2013 Los geht\u2019s!<\/strong><\/h4><p>In der CLLD-Region stellen der R\u00fcckgang der \u00f6rtlichen Bev\u00f6lkerung und die stetige Zunahme des Anteils \u00e4lterer Menschen Schwachstellen dar, die zu Problemen im Sozial- und Gesundheitswesen f\u00fchren k\u00f6nnen. Diese treten in Randzonen der Region wesentlich deutlicher zu Tage (Berggebiete, kleine Ortschaften usw.). Das Projekt MOVINSI m\u00f6chte ausgehend von diesen Grund\u00fcberlegungen das Wohlbefinden und die gesellschaftliche Teilhabe \u00e4lterer Menschen der HEurOpen-Region f\u00f6rdern und Bewegung sowie soziales Miteinander auch durch Einsatz und Unterst\u00fctzung modernster Technologien anregen. Um dieses Ziel zu erreichen, b\u00fcndelt das Projekt die Kompetenzen der verschiedenen Akteure: die wissenschaftlichen Kompetenzen der Universit\u00e4t Udine, die technologischen Kompetenzen des Forschungszentrums IARA, die sozialen Kompetenzen des Gesundheitsbetriebs AAS und des Sozialvereins ASOLE. Das Projekt sieht die Anwerbung einer Gruppe \u00e4lterer Menschen vor, denen die Teilnahme an einem von einschl\u00e4gigen Experten begleiteten Bewegungsprogramm vorgeschlagen wird. \u00c4ltere Menschen k\u00f6nnen das Programm nutzen, um ihre sozialen F\u00e4higkeiten, ihr Wissen \u00fcber neue Technologien zu st\u00e4rken und ihre Lebensqualit\u00e4t zu verbessern. MOVINSI strebt dar\u00fcber hinaus an, die Kooperation zwischen den im grenz\u00fcberschreitenden Raum t\u00e4tigen Einrichtungen durch F\u00f6rderung des Informationsaustauschs und des Voneinander-Lernens zu optimieren. Ziel des Projekts ist letztlich auch die Schaffung neuer Arbeitspl\u00e4tze f\u00fcr junge Leute.<\/p>\t\t\t\t\t\t\t\t<\/div>\n\t\t\t\t<\/div>\n\t\t\t\t\t<\/div>\n\t\t<\/div>\n\t\t\t\t\t<\/div>\n\t\t<\/section>\n\t\t\t\t<section class=\"elementor-section elementor-top-section elementor-element elementor-element-443905f elementor-section-boxed elementor-section-height-default elementor-section-height-default\" data-id=\"443905f\" data-element_type=\"section\" data-e-type=\"section\">\n\t\t\t\t\t\t<div class=\"elementor-container elementor-column-gap-default\">\n\t\t\t\t\t<div class=\"elementor-column elementor-col-25 elementor-top-column elementor-element elementor-element-6d8b0b0\" data-id=\"6d8b0b0\" data-element_type=\"column\" data-e-type=\"column\">\n\t\t\t<div class=\"elementor-widget-wrap\">\n\t\t\t\t\t\t\t<\/div>\n\t\t<\/div>\n\t\t\t\t<div class=\"elementor-column elementor-col-50 elementor-top-column elementor-element elementor-element-a748991\" data-id=\"a748991\" data-element_type=\"column\" data-e-type=\"column\">\n\t\t\t<div class=\"elementor-widget-wrap elementor-element-populated\">\n\t\t\t\t\t\t<div class=\"elementor-element elementor-element-45083c5 elementor-widget elementor-widget-image\" data-id=\"45083c5\" data-element_type=\"widget\" data-e-type=\"widget\" data-widget_type=\"image.default\">\n\t\t\t\t<div class=\"elementor-widget-container\">\n\t\t\t\t\t\t\t\t\t\t\t\t\t\t\t<img fetchpriority=\"high\" decoding=\"async\" width=\"1024\" height=\"319\" src=\"data:image\/gif;base64,R0lGODlhAQABAAAAACH5BAEKAAEALAAAAAABAAEAAAICTAEAOw==\" class=\"attachment-large size-large wp-image-175 lazyload\" alt=\"\" sizes=\"(max-width: 1024px) 100vw, 1024px\" data-src=\"https:\/\/forschung.fh-kaernten.at\/enable\/files\/2020\/07\/Interreg_Italia-O\u00a6e\u0302sterreich-2017_4c-scaled-1-1024x319.png\" data-srcset=\"https:\/\/forschung.fh-kaernten.at\/enable\/files\/2020\/07\/Interreg_Italia-O\u00a6e\u0302sterreich-2017_4c-scaled-1-1024x319.png 1024w, https:\/\/forschung.fh-kaernten.at\/enable\/files\/2020\/07\/Interreg_Italia-O\u00a6e\u0302sterreich-2017_4c-scaled-1-300x94.png 300w, https:\/\/forschung.fh-kaernten.at\/enable\/files\/2020\/07\/Interreg_Italia-O\u00a6e\u0302sterreich-2017_4c-scaled-1-768x239.png 768w, https:\/\/forschung.fh-kaernten.at\/enable\/files\/2020\/07\/Interreg_Italia-O\u00a6e\u0302sterreich-2017_4c-scaled-1-1536x479.png 1536w, https:\/\/forschung.fh-kaernten.at\/enable\/files\/2020\/07\/Interreg_Italia-O\u00a6e\u0302sterreich-2017_4c-scaled-1-2048x638.png 2048w, https:\/\/forschung.fh-kaernten.at\/enable\/files\/2020\/07\/Interreg_Italia-O\u00a6e\u0302sterreich-2017_4c-scaled-1-830x259.png 830w, https:\/\/forschung.fh-kaernten.at\/enable\/files\/2020\/07\/Interreg_Italia-O\u00a6e\u0302sterreich-2017_4c-scaled-1-230x72.png 230w, https:\/\/forschung.fh-kaernten.at\/enable\/files\/2020\/07\/Interreg_Italia-O\u00a6e\u0302sterreich-2017_4c-scaled-1-350x109.png 350w, https:\/\/forschung.fh-kaernten.at\/enable\/files\/2020\/07\/Interreg_Italia-O\u00a6e\u0302sterreich-2017_4c-scaled-1-480x150.png 480w\">\t\t\t\t\t\t\t\t\t\t\t\t\t\t\t<\/div>\n\t\t\t\t<\/div>\n\t\t\t\t\t<\/div>\n\t\t<\/div>\n\t\t\t\t<div class=\"elementor-column elementor-col-25 elementor-top-column elementor-element elementor-element-ca624a0\" data-id=\"ca624a0\" data-element_type=\"column\" data-e-type=\"column\">\n\t\t\t<div class=\"elementor-widget-wrap\">\n\t\t\t\t\t\t\t<\/div>\n\t\t<\/div>\n\t\t\t\t\t<\/div>\n\t\t<\/section>\n\t\t\t\t<section class=\"elementor-section elementor-top-section elementor-element elementor-element-7014f72 elementor-section-boxed elementor-section-height-default elementor-section-height-default\" data-id=\"7014f72\" data-element_type=\"section\" data-e-type=\"section\">\n\t\t\t\t\t\t<div class=\"elementor-container elementor-column-gap-default\">\n\t\t\t\t\t<div class=\"elementor-column elementor-col-100 elementor-top-column elementor-element elementor-element-33c1afe\" data-id=\"33c1afe\" data-element_type=\"column\" data-e-type=\"column\">\n\t\t\t<div class=\"elementor-widget-wrap elementor-element-populated\">\n\t\t\t\t\t\t<div class=\"elementor-element elementor-element-ea650f5 elementor-widget elementor-widget-text-editor\" data-id=\"ea650f5\" data-element_type=\"widget\" data-e-type=\"widget\" data-widget_type=\"text-editor.default\">\n\t\t\t\t<div class=\"elementor-widget-container\">\n\t\t\t\t\t\t\t\t\t<p>Das Projekt MOVINSI wird im Rahmen des Kooperationsprogramms Interreg V-A Italien-\u00d6sterreich aus dem Europ\u00e4ischen Fond f\u00fcr regionale Entwicklung kofinanziert.<\/p>\t\t\t\t\t\t\t\t<\/div>\n\t\t\t\t<\/div>\n\t\t\t\t\t<\/div>\n\t\t<\/div>\n\t\t\t\t\t<\/div>\n\t\t<\/section>\n\t\t\t\t<\/div>\n\t\t","protected":false},"excerpt":{"rendered":"<p>MOVINSI MOVINSI \u2013 Los geht\u2019s! In der CLLD-Region stellen der R\u00fcckgang der \u00f6rtlichen Bev\u00f6lkerung und die stetige Zunahme des Anteils \u00e4lterer Menschen Schwachstellen dar, die zu Problemen im Sozial- und Gesundheitswesen f\u00fchren k\u00f6nnen. Diese treten in Randzonen der Region wesentlich deutlicher zu Tage (Berggebiete, kleine Ortschaften usw.). Das Projekt MOVINSI m\u00f6chte ausgehend von diesen Grund\u00fcberlegungen&hellip;&nbsp;<a href=\"https:\/\/forschung.fh-kaernten.at\/enable\/movinsi\/\" rel=\"bookmark\">Weiterlesen &raquo;<span class=\"screen-reader-text\">MOVINSI<\/span><\/a><\/p>\n","protected":false},"author":48,"featured_media":0,"parent":0,"menu_order":0,"comment_status":"closed","ping_status":"closed","template":"elementor_header_footer","meta":{"_crdt_document":"","inline_featured_image":false,"neve_meta_sidebar":"","neve_meta_container":"","neve_meta_enable_content_width":"","neve_meta_content_width":0,"neve_meta_title_alignment":"","neve_meta_author_avatar":"","neve_post_elements_order":"","neve_meta_disable_header":"","neve_meta_disable_footer":"","neve_meta_disable_title":"","ngg_post_thumbnail":0,"footnotes":""},"class_list":["post-190","page","type-page","status-publish","hentry"],"_links":{"self":[{"href":"https:\/\/forschung.fh-kaernten.at\/enable\/wp-json\/wp\/v2\/pages\/190","targetHints":{"allow":["GET"]}}],"collection":[{"href":"https:\/\/forschung.fh-kaernten.at\/enable\/wp-json\/wp\/v2\/pages"}],"about":[{"href":"https:\/\/forschung.fh-kaernten.at\/enable\/wp-json\/wp\/v2\/types\/page"}],"author":[{"embeddable":true,"href":"https:\/\/forschung.fh-kaernten.at\/enable\/wp-json\/wp\/v2\/users\/48"}],"replies":[{"embeddable":true,"href":"https:\/\/forschung.fh-kaernten.at\/enable\/wp-json\/wp\/v2\/comments?post=190"}],"version-history":[{"count":0,"href":"https:\/\/forschung.fh-kaernten.at\/enable\/wp-json\/wp\/v2\/pages\/190\/revisions"}],"wp:attachment":[{"href":"https:\/\/forschung.fh-kaernten.at\/enable\/wp-json\/wp\/v2\/media?parent=190"}],"curies":[{"name":"wp","href":"https:\/\/api.w.org\/{rel}","templated":true}]}}

<div data-elementor-type="wp-page" data-elementor-id="190" class="elementor elementor-190" data-elementor-post-type="page">
						<section class="elementor-section elementor-top-section elementor-element elementor-element-1346843 elementor-section-boxed elementor-section-height-default elementor-section-height-default" data-id="1346843" data-element_type="section" data-e-type="section">
						<div class="elementor-container elementor-column-gap-default">
					<div class="elementor-column elementor-col-100 elementor-top-column elementor-element elementor-element-6614703" data-id="6614703" data-element_type="column" data-e-type="column">
			<div class="elementor-widget-wrap elementor-element-populated">
						<div class="elementor-element elementor-element-34a38e8 elementor-widget elementor-widget-heading" data-id="34a38e8" data-element_type="widget" data-e-type="widget" data-widget_type="heading.default">
				<div class="elementor-widget-container">
					<h2 class="elementor-heading-title elementor-size-default">MOVINSI</h2>				</div>
				</div>
					</div>
		</div>
					</div>
		</section>
				<section class="elementor-section elementor-top-section elementor-element elementor-element-bde727d elementor-section-boxed elementor-section-height-default elementor-section-height-default" data-id="bde727d" data-element_type="section" data-e-type="section">
						<div class="elementor-container elementor-column-gap-default">
					<div class="elementor-column elementor-col-100 elementor-top-column elementor-element elementor-element-11dc8d3" data-id="11dc8d3" data-element_type="column" data-e-type="column">
			<div class="elementor-widget-wrap elementor-element-populated">
						<div class="elementor-element elementor-element-ae79c00 elementor-widget elementor-widget-text-editor" data-id="ae79c00" data-element_type="widget" data-e-type="widget" data-widget_type="text-editor.default">
				<div class="elementor-widget-container">
									<h4><strong>MOVINSI – Los geht’s!</strong></h4><p>In der CLLD-Region stellen der Rückgang der örtlichen Bevölkerung und die stetige Zunahme des Anteils älterer Menschen Schwachstellen dar, die zu Problemen im Sozial- und Gesundheitswesen führen können. Diese treten in Randzonen der Region wesentlich deutlicher zu Tage (Berggebiete, kleine Ortschaften usw.). Das Projekt MOVINSI möchte ausgehend von diesen Grundüberlegungen das Wohlbefinden und die gesellschaftliche Teilhabe älterer Menschen der HEurOpen-Region fördern und Bewegung sowie soziales Miteinander auch durch Einsatz und Unterstützung modernster Technologien anregen. Um dieses Ziel zu erreichen, bündelt das Projekt die Kompetenzen der verschiedenen Akteure: die wissenschaftlichen Kompetenzen der Universität Udine, die technologischen Kompetenzen des Forschungszentrums IARA, die sozialen Kompetenzen des Gesundheitsbetriebs AAS und des Sozialvereins ASOLE. Das Projekt sieht die Anwerbung einer Gruppe älterer Menschen vor, denen die Teilnahme an einem von einschlägigen Experten begleiteten Bewegungsprogramm vorgeschlagen wird. Ältere Menschen können das Programm nutzen, um ihre sozialen Fähigkeiten, ihr Wissen über neue Technologien zu stärken und ihre Lebensqualität zu verbessern. MOVINSI strebt darüber hinaus an, die Kooperation zwischen den im grenzüberschreitenden Raum tätigen Einrichtungen durch Förderung des Informationsaustauschs und des Voneinander-Lernens zu optimieren. Ziel des Projekts ist letztlich auch die Schaffung neuer Arbeitsplätze für junge Leute.</p>								</div>
				</div>
					</div>
		</div>
					</div>
		</section>
				<section class="elementor-section elementor-top-section elementor-element elementor-element-443905f elementor-section-boxed elementor-section-height-default elementor-section-height-default" data-id="443905f" data-element_type="section" data-e-type="section">
						<div class="elementor-container elementor-column-gap-default">
					<div class="elementor-column elementor-col-25 elementor-top-column elementor-element elementor-element-6d8b0b0" data-id="6d8b0b0" data-element_type="column" data-e-type="column">
			<div class="elementor-widget-wrap">
							</div>
		</div>
				<div class="elementor-column elementor-col-50 elementor-top-column elementor-element elementor-element-a748991" data-id="a748991" data-element_type="column" data-e-type="column">
			<div class="elementor-widget-wrap elementor-element-populated">
						<div class="elementor-element elementor-element-45083c5 elementor-widget elementor-widget-image" data-id="45083c5" data-element_type="widget" data-e-type="widget" data-widget_type="image.default">
				<div class="elementor-widget-container">
															<img fetchpriority="high" decoding="async" width="1024" height="319" src="data:image/gif;base64,R0lGODlhAQABAAAAACH5BAEKAAEALAAAAAABAAEAAAICTAEAOw==" class="attachment-large size-large wp-image-175 lazyload" alt="" sizes="(max-width: 1024px) 100vw, 1024px" data-src="https://forschung.fh-kaernten.at/enable/files/2020/07/Interreg_Italia-O¦êsterreich-2017_4c-scaled-1-1024x319.png" data-srcset="https://forschung.fh-kaernten.at/enable/files/2020/07/Interreg_Italia-O¦êsterreich-2017_4c-scaled-1-1024x319.png 1024w, https://forschung.fh-kaernten.at/enable/files/2020/07/Interreg_Italia-O¦êsterreich-2017_4c-scaled-1-300x94.png 300w, https://forschung.fh-kaernten.at/enable/files/2020/07/Interreg_Italia-O¦êsterreich-2017_4c-scaled-1-768x239.png 768w, https://forschung.fh-kaernten.at/enable/files/2020/07/Interreg_Italia-O¦êsterreich-2017_4c-scaled-1-1536x479.png 1536w, https://forschung.fh-kaernten.at/enable/files/2020/07/Interreg_Italia-O¦êsterreich-2017_4c-scaled-1-2048x638.png 2048w, https://forschung.fh-kaernten.at/enable/files/2020/07/Interreg_Italia-O¦êsterreich-2017_4c-scaled-1-830x259.png 830w, https://forschung.fh-kaernten.at/enable/files/2020/07/Interreg_Italia-O¦êsterreich-2017_4c-scaled-1-230x72.png 230w, https://forschung.fh-kaernten.at/enable/files/2020/07/Interreg_Italia-O¦êsterreich-2017_4c-scaled-1-350x109.png 350w, https://forschung.fh-kaernten.at/enable/files/2020/07/Interreg_Italia-O¦êsterreich-2017_4c-scaled-1-480x150.png 480w">															</div>
				</div>
					</div>
		</div>
				<div class="elementor-column elementor-col-25 elementor-top-column elementor-element elementor-element-ca624a0" data-id="ca624a0" data-element_type="column" data-e-type="column">
			<div class="elementor-widget-wrap">
							</div>
		</div>
					</div>
		</section>
				<section class="elementor-section elementor-top-section elementor-element elementor-element-7014f72 elementor-section-boxed elementor-section-height-default elementor-section-height-default" data-id="7014f72" data-element_type="section" data-e-type="section">
						<div class="elementor-container elementor-column-gap-default">
					<div class="elementor-column elementor-col-100 elementor-top-column elementor-element elementor-element-33c1afe" data-id="33c1afe" data-element_type="column" data-e-type="column">
			<div class="elementor-widget-wrap elementor-element-populated">
						<div class="elementor-element elementor-element-ea650f5 elementor-widget elementor-widget-text-editor" data-id="ea650f5" data-element_type="widget" data-e-type="widget" data-widget_type="text-editor.default">
				<div class="elementor-widget-container">
									<p>Das Projekt MOVINSI wird im Rahmen des Kooperationsprogramms Interreg V-A Italien-Österreich aus dem Europäischen Fond für regionale Entwicklung kofinanziert.</p>								</div>
				</div>
					</div>
		</div>
					</div>
		</section>
				</div>

<p>MOVINSI MOVINSI – Los geht’s! In der CLLD-Region stellen der Rückgang der örtlichen Bevölkerung und die stetige Zunahme des Anteils älterer Menschen Schwachstellen dar, die zu Problemen im Sozial- und Gesundheitswesen führen können. Diese treten in Randzonen der Region wesentlich deutlicher zu Tage (Berggebiete, kleine Ortschaften usw.). Das Projekt MOVINSI möchte ausgehend von diesen Grundüberlegungen&hellip;&nbsp;<a href="https://forschung.fh-kaernten.at/enable/movinsi/" rel="bookmark">Weiterlesen &raquo;<span class="screen-reader-text">MOVINSI</span></a></p>
