{"id":165,"date":"2020-01-28T13:50:43","date_gmt":"2020-01-28T12:50:43","guid":{"rendered":"https:\/\/forschung.fh-kaernten.at\/reha2030\/mesmerize\/"},"modified":"2020-10-01T16:18:11","modified_gmt":"2020-10-01T14:18:11","slug":"mesmerize","status":"publish","type":"page","link":"https:\/\/forschung.fh-kaernten.at\/reha2030\/","title":{"rendered":"Startseite"},"content":{"rendered":"<div  data-label=\"Content\" data-id=\"content--1\" data-export-id=\"content-12\" data-category=\"content\" class=\"content-12 content-section content-section-spacing\" id=\"content-1\" style=\"background-image: none;\">\n<div  class=\"\">\n<div  class=\"row text-center\">\n<div  class=\"section-title-col\" data-type=\"column\">\n<h2  class=\"\">REHA2030 \u2013 Ein neues Zeitalter der Rehabilitation hat begonnen<\/h2>\n<p  class=\"lead\" style=\"text-align: justify;\">Tele-Rehabilitation bedeutet nicht, dass die therapeutische Versorgung fernab von medizinischem Fachpersonal \u00fcber technologisierte Fernanweisungen erfolgt.\nTele-Rehabilitation bedeutet vielmehr, dass Patientinnen und Patienten die M\u00f6glichkeit haben, im eigenen Heim mittels abgestimmter, technologischer Hilfsger\u00e4te und unter internetbasierter Anleitung von therapeutischem Fachpersonal ihren Rehabilitationsfortschritt selbst in die Hand nehmen und verbessern k\u00f6nnen.\nDie Sicherstellung der therapeutischen Nach-und Nahversorgung ist speziell im ruralen Gebiet prek\u00e4r: weite Entfernungen zu Therapiezentren und Kliniken, fehlende individuelle Mobilit\u00e4t oder eingeschr\u00e4nkter Zugang zu \u00f6ffentlicher Verkehrsanbindung, schwindende Gro\u00df-Familienstruktur zur Unterst\u00fctzung im Genesungsprozess erschweren die Weiterf\u00fchrung von Rehabilitationsma\u00dfnahmen nach dem Aufenthalt in einer Reha-Klinik.\nDas Interreg Si-At Projekt REHA2030 der FH K\u00e4rnten -gemeinsam mit 4 Partnern- widmet sich der Erforschung und Entwicklung von Tele-Rehabilitation nach Schlaganf\u00e4llen, welche als Dienstleistung im Heim der Patientinnen und Patienten internetbasiert erfolgen soll. Die besonderen Aspekte der Region \u2013 demographischer Wandel, Konzentrierung der medizinischen Versorgung auf den urbanen Bereich- best\u00e4rken die Wahl dieser Thematik.<\/p>\n\n<\/div>\n<\/div>\n<div  class=\"row center-xs middle-xs\">\n<div  class=\"col-sm-9\" data-type=\"column\">\n\n&nbsp;\n\n<\/div>\n<\/div>\n<\/div>\n<\/div><div  data-label=\"Features\" data-id=\"features--1\" data-export-id=\"features-12\" data-category=\"features\" class=\"features-12 content-section content-section-spacing \" id=\"features-1\" style=\"background-image: none;\">\n<div  class=\"\">\n<div  class=\"row text-center\">\n<div  class=\"section-title-col\" data-type=\"column\">\n<h2  class=\"\">Ziele des Projektes<\/h2>\n<p  class=\"lead\" style=\"text-align: justify;\">In den drei Jahren der Projektlaufzeit wird der Schwerpunkt auf Schlaganfallpatienten und -patientinnen mit St\u00f6rungen der Hand-Finger Mobilit\u00e4t gerichtet. In iterativen Entwicklungsschleifen wird einerseits ein Dienstleistungsmodell f\u00fcr Tele-Rehabilitation unter Einbeziehung unterschiedlicher Interessensvertreter entworfen: Patienten, Kliniken, Therapiezentren und Therapeuten, Anbieter von IKT L\u00f6sungen und Reha-Robotik, Versicherungstr\u00e4ger sowie weitere Unternehmen im Bereich der telemedizinischen Versorgung. Andererseits wird unter Einbezug von Patienten und Therapeuten ein robotisches Therapieger\u00e4t zur spielerischen, technikgest\u00fctzten Therapie entwickelt. In der Projektlaufzeit wird auch der Grundstein f\u00fcr das langfristige Ziel gelegt: Tele-Rehabilitation als hochwertige, menschenfreundliche und leistbare Dienstleistung f\u00fcr unterschiedlichste Rehabilitationsbedarfe zu erm\u00f6glichen.\nTele-Rehabilitation als Dienstleistung kann nur durch eine B\u00fcndelung verschiedener Expertisen umfassend gesehen und bearbeitet werden. Das f\u00fcnfteilige, transnationale Konsortium aus akademischen, klinischen und wirtschaftlichen Partnern deckt durch ein breites Kompetenzspektrum die unterschiedlichen Blickpunkte auf das Thema Tele-Rehabilitation ab:<\/p>\n\n<ul  class=\"\">\n \t<li  style=\"text-align: justify;\"><span  style=\"font-size: 12pt;\">Entwicklung und Evaluierung von bedarfsorientierten, technischen L\u00f6sungen zur Unterst\u00fctzung eines selbstbestimmten Lebens \u00e4lterer Personen mit Fokus auf N\u00fctzlichkeit und Alltagsintegration (Forschungsgruppe Active &amp; Assisted Living, FH K\u00e4rnten, AT)<\/span><\/li>\n \t<li  style=\"text-align: justify;\"><span  style=\"font-size: 12pt;\">Entwicklung eines Dienstleistungsmodells unter Ber\u00fccksichtigung aller relevanten Interessensvertreter und Beforschung der Marktdiffusion von radikaler Innovationen (Forschungsgruppe Entrepreneurship &amp; Entrepreneurship Education, FH K\u00e4rnten, AT)<\/span><\/li>\n \t<li  style=\"text-align: justify;\"><span  style=\"font-size: 12pt;\">Umsetzungsexpertise f\u00fcr technologiegest\u00fctzte Therapie und Therapieger\u00e4te f\u00fcr alle Altersgruppen, alle Phasen der Rehabilitation, alle Grade motorischer Beeintr\u00e4chtigung und alle K\u00f6rperbereiche (Tyromotion GmbH, Stmk, AT)<\/span><\/li>\n \t<li  style=\"text-align: justify;\"><span  style=\"font-size: 12pt;\">IKT L\u00f6sungen f\u00fcr den Telecare Bereich mit Fokus auf die Bed\u00fcrfnisse \u00e4lterer Menschen (MKS d.o.o, Ljubljana, SI)<\/span><\/li>\n \t<li  style=\"text-align: justify;\"><span  style=\"font-size: 12pt;\">Klinische Expertise im Bereich der Schlaganfallrehabilitation (Rehabilitationsklinik Uri So\u010da, Ljubljana, SI, Privatklinik La\u00dfnitzh\u00f6he, Drittleister, AT)<\/span><\/li>\n \t<li  style=\"text-align: justify;\"><span  style=\"font-size: 12pt;\">Entwicklung eines robotischen Therapieger\u00e4tes zur Mobilisierung von Hand und Finger (Laboratory of Robotics, Fakult\u00e4t f\u00fcr Elektrotechnik, Universit\u00e4t Ljubljana, SI)<\/span><\/li>\n<\/ul>\n<table  style=\"border-collapse: collapse; width: 100%;\" class=\"\">\n<tbody >\n<tr >\n<td  style=\"width: 31.7922%; text-align: justify;\"><span  style=\"font-size: 12pt;\">Project Acronym<\/span><\/td>\n<td  style=\"width: 68.2078%; text-align: justify;\"><span  style=\"font-size: 12pt;\">REHA 2030<\/span><\/td>\n<\/tr>\n<tr >\n<td  style=\"width: 31.7922%; text-align: justify;\"><span  style=\"font-size: 12pt;\">Project Long Title<\/span><\/td>\n<td  style=\"width: 68.2078%; text-align: justify;\"><span  style=\"font-size: 12pt;\">Postklinische Rehabilitation von SchlaganfallpatientInnen im ruralen Raum im Jahr 2030 \u2013 Telerehabilitation als benutzergerechte Dienstleistung<\/span><\/td>\n<\/tr>\n<tr >\n<td  style=\"width: 31.7922%; text-align: justify;\"><span  style=\"font-size: 12pt;\">Project Number<\/span><\/td>\n<td  style=\"width: 68.2078%; text-align: justify;\"><span  style=\"font-size: 12pt;\">SIAT258<\/span><\/td>\n<\/tr>\n<tr >\n<td  style=\"width: 31.7922%; text-align: justify;\"><span  style=\"font-size: 12pt;\">Lead Partner<\/span><\/td>\n<td  style=\"width: 68.2078%; text-align: justify;\"><span  style=\"font-size: 12pt;\">Carinthia University of Applied Sciences<\/span><\/td>\n<\/tr>\n<tr >\n<td  style=\"width: 31.7922%; text-align: justify;\"><span  style=\"font-size: 12pt;\">Project Duration<\/span><\/td>\n<td  style=\"width: 68.2078%; text-align: justify;\"><span  style=\"font-size: 12pt;\">36 Monate<\/span><\/td>\n<\/tr>\n<tr >\n<td  style=\"width: 31.7922%; text-align: justify;\"><span  style=\"font-size: 12pt;\">Project Start<\/span><\/td>\n<td  style=\"width: 68.2078%; text-align: justify;\"><span  style=\"font-size: 12pt;\">01.01.2019<\/span><\/td>\n<\/tr>\n<tr >\n<td  style=\"width: 31.7922%; text-align: justify;\"><span  style=\"font-size: 12pt;\">Project End<\/span><\/td>\n<td  style=\"width: 68.2078%; text-align: justify;\"><span  style=\"font-size: 12pt;\">31.12.2021<\/span><\/td>\n<\/tr>\n<tr >\n<td  style=\"width: 31.7922%; text-align: justify;\"><span  style=\"font-size: 12pt;\">Project Costs<\/span><\/td>\n<td  style=\"width: 68.2078%; text-align: justify;\"><span  style=\"font-size: 12pt;\">824.585,00 \u20ac<\/span><\/td>\n<\/tr>\n<tr >\n<td  style=\"width: 31.7922%; text-align: justify;\"><span  style=\"font-size: 12pt;\">Project Funding<\/span><\/td>\n<td  style=\"width: 68.2078%; text-align: justify;\"><span  style=\"font-size: 12pt;\">660.043,75 \u20ac<\/span><\/td>\n<\/tr>\n<tr >\n<td  style=\"width: 31.7922%; text-align: justify;\"><span  style=\"font-size: 12pt;\">Programme Type<\/span><\/td>\n<td  style=\"width: 68.2078%; text-align: justify;\"><span  style=\"font-size: 12pt;\">Interreg V-A Slowenien-\u00d6sterreich<\/span><\/td>\n<\/tr>\n<\/tbody>\n<\/table>\n<p  class=\"lead\"><\/p>\n\n<\/div>\n<\/div>\n<div  class=\"row spaced-cols content-right-sm\" data-type=\"row\">\n<div  class=\"col-sm-6\">\n<div  class=\"row space-bottom\">\n<div  class=\"col-sm-fit icon-column\" data-preview-empty=\"1\"><\/div>\n<div  class=\"col-sm\" data-type=\"column\"><img decoding=\"async\" class=\"custom-image lazyload\" src=\"data:image\/gif;base64,R0lGODlhAQABAAAAACH5BAEKAAEALAAAAAABAAEAAAICTAEAOw==\" alt=\"\" title=\"interreg_si-at_de_rgb\" data-src=\"https:\/\/forschung.fh-kaernten.at\/reha2030\/files\/2019\/03\/interreg_si-at_de_rgb.png\"><\/div>\n<\/div>\n<\/div>\n<div  class=\"col-sm-6\">\n<div  class=\"row space-bottom\">\n<div  class=\"col-sm-fit icon-column\" data-preview-empty=\"1\"><\/div>\n<div  class=\"col-sm\" data-type=\"column\"><img decoding=\"async\" class=\"custom-image lazyload\" src=\"data:image\/gif;base64,R0lGODlhAQABAAAAACH5BAEKAAEALAAAAAABAAEAAAICTAEAOw==\" alt=\"\" title=\"Logo_Reha2030-01 (1)\" data-src=\"https:\/\/forschung.fh-kaernten.at\/reha2030\/files\/2019\/03\/Logo_Reha2030-01-1-e1559720579270.jpg\"><\/div>\n<\/div>\n<\/div>\n<\/div>\n<\/div>\n<\/div>","protected":false},"excerpt":{"rendered":"<p>REHA2030 \u2013 Ein neues Zeitalter der Rehabilitation hat begonnen Tele-Rehabilitation bedeutet nicht, dass die therapeutische Versorgung fernab von medizinischem Fachpersonal \u00fcber technologisierte Fernanweisungen erfolgt. Tele-Rehabilitation bedeutet vielmehr, dass Patientinnen und Patienten die M\u00f6glichkeit haben, im eigenen Heim mittels abgestimmter, technologischer Hilfsger\u00e4te und unter internetbasierter Anleitung von therapeutischem Fachpersonal ihren Rehabilitationsfortschritt selbst in die Hand nehmen&hellip; <br \/> <a class=\"read-more\" href=\"https:\/\/forschung.fh-kaernten.at\/reha2030\/\">Weiterlesen<\/a><\/p>\n","protected":false},"author":193,"featured_media":0,"parent":0,"menu_order":0,"comment_status":"closed","ping_status":"closed","template":"page-templates\/homepage.php","meta":{"_crdt_document":"","inline_featured_image":false,"footnotes":""},"class_list":["post-165","page","type-page","status-publish","hentry"],"_links":{"self":[{"href":"https:\/\/forschung.fh-kaernten.at\/reha2030\/wp-json\/wp\/v2\/pages\/165","targetHints":{"allow":["GET"]}}],"collection":[{"href":"https:\/\/forschung.fh-kaernten.at\/reha2030\/wp-json\/wp\/v2\/pages"}],"about":[{"href":"https:\/\/forschung.fh-kaernten.at\/reha2030\/wp-json\/wp\/v2\/types\/page"}],"author":[{"embeddable":true,"href":"https:\/\/forschung.fh-kaernten.at\/reha2030\/wp-json\/wp\/v2\/users\/193"}],"replies":[{"embeddable":true,"href":"https:\/\/forschung.fh-kaernten.at\/reha2030\/wp-json\/wp\/v2\/comments?post=165"}],"version-history":[{"count":0,"href":"https:\/\/forschung.fh-kaernten.at\/reha2030\/wp-json\/wp\/v2\/pages\/165\/revisions"}],"wp:attachment":[{"href":"https:\/\/forschung.fh-kaernten.at\/reha2030\/wp-json\/wp\/v2\/media?parent=165"}],"curies":[{"name":"wp","href":"https:\/\/api.w.org\/{rel}","templated":true}]}}