{"id":707,"date":"2020-12-17T14:39:59","date_gmt":"2020-12-17T13:39:59","guid":{"rendered":"https:\/\/forschung.fh-kaernten.at\/reha2030\/?page_id=707"},"modified":"2020-12-17T14:41:04","modified_gmt":"2020-12-17T13:41:04","slug":"future-talk-reha2030","status":"publish","type":"page","link":"https:\/\/forschung.fh-kaernten.at\/reha2030\/future-talk-reha2030\/?lang=en","title":{"rendered":"Future Talk REHA2030"},"content":{"rendered":"<p><em><strong>The event language is GERMAN.<\/strong><\/em><\/p>\n<p><strong>Diskutieren Sie mit! <\/strong><strong>Sie als Expert*in sind zukunftsrichtend! <br \/><\/strong><strong><br \/><\/strong>Gestalten Sie mit und entscheiden Sie gemeinsam mit uns die Zukunft des Tele-Reha Servicemodel REHA2030 &#8211; einer hochwertigen, benutzerfreundlichen und leistbaren Dienstleistung f\u00fcr Schlaganfallpatient*innen in \u00d6sterreich.<\/p>\n<p><strong>Wann<\/strong>: 14. J\u00e4nner 2021<br \/><strong>Uhrzeit<\/strong>: 8:30 \u2013 12:30 Uhr <br \/><strong>Via<\/strong>: Zoom-Meeting (Zutrittslink erfolgt nach Anmeldung) <br \/><strong>Anmeldung<\/strong>: bis 11. J\u00e4nner 2021 per E-Mail an Fr. Katja Steinhauser: <a href=\"mailto:K.Steinhauser@fh-kaernten.at\">K.Steinhauser@fh-kaernten.at<\/a><\/p>\n<p>Geben Sie uns Ihre Expertise mit auf den Weg!<\/p>\n<p>Ein Workshop, f\u00fcr ausgew\u00e4hlte Entscheidungstr\u00e4ger*innen, Experten*innen, Forscher*innen und Vertreter*innen aus dem Dienstleistungsbereichen \u00d6sterreichs.<\/p>\n<p><strong>Diskutieren Sie mit \u2013 entscheiden Sie mit!<\/strong><\/p>\n<p><em>Die Fachhochschule K\u00e4rnten leitet das Projekt <\/em><a href=\"https:\/\/forschung.fh-kaernten.at\/reha2030\/\"><em>REHA2030<\/em><\/a><em>, welches sich der Erforschung und Entwicklung von Tele-Rehabilitation nach Schlaganf\u00e4llen widmet. Es wird eine hochwertige, benutzerfreundliche und leistbare Dienstleistung f\u00fcr Patient*innen mit Schlaganfall entwickelt. Das Projekt wurde bereits im J\u00e4nner 2019 gestartet und wird durch die Pandemie zunehmend wichtiger, deshalb m\u00f6chten wir diese Phase nutzen, um wichtige Erkenntnisse f\u00fcr das Projekt zu gewinnen.<\/em><\/p>\n<p><em>Bei der Entwicklung des Dienstleistungsmodells ist es wichtig unterschiedliche Interessensvertreter*innen wie Patienten*innen, Kliniken, Therapiezentren und Therapeuten*innen sowie Anbieter von IKT L\u00f6sungen und Reha-Robotik, Versicherungstr\u00e4ger*innen und politische Entscheidungstr\u00e4ger*innen mit einzubinden.<\/em><\/p>\n<blockquote>\n<p><em>Wir haben uns zum Ziel gesetzt, einen leistbaren Service auf diesem Gebiet zu etablieren und ben\u00f6tigen f\u00fcr die n\u00e4chsten Schritt der Umsetzung <strong>Ihre Expertise, Ihre Erfahrung <\/strong>auf die angesprochene Dienstleistung.<\/em><\/p>\n<\/blockquote>\n<p><em>Dazu m\u00f6chten wir Sie gerne zu einem Online-Workshop via ZOOM-Meeting einladen, wo wir gemeinsam \u00fcber die Umsetzung, Finanzierung, Instandhaltung, Inbetriebnahme diskutieren werden. Wir behalten uns vor, bei zu vielen Anmeldungen im Sinne der Durchf\u00fchrbarkeit und Ausgewogenheit der einzelnen Gruppen die Teilnehmer*innenzahl zu begrenzen.<\/em><\/p>\n<p><em>Wir freuen uns auf Ihre schriftliche Anmeldung per e-Mail bis 11. J\u00e4nner 2021. <\/em><\/p>\n<p><em>\u00a0<\/em><\/p>\n<p><em>Mit freundlichen Gr\u00fc\u00dfen, <\/em><\/p>\n<p><em>das <\/em><strong><em>REHA2030 Team<\/em><\/strong><\/p>\n","protected":false},"excerpt":{"rendered":"<p>The event language is GERMAN. Diskutieren Sie mit! Sie als Expert*in sind zukunftsrichtend! Gestalten Sie mit und entscheiden Sie gemeinsam mit uns die Zukunft des Tele-Reha Servicemodel REHA2030 &#8211; einer hochwertigen, benutzerfreundlichen und leistbaren Dienstleistung f\u00fcr Schlaganfallpatient*innen in \u00d6sterreich. Wann: 14. J\u00e4nner 2021Uhrzeit: 8:30 \u2013 12:30 Uhr Via: Zoom-Meeting (Zutrittslink erfolgt nach Anmeldung) Anmeldung: bis&hellip; <br \/> <a class=\"read-more\" href=\"https:\/\/forschung.fh-kaernten.at\/reha2030\/future-talk-reha2030\/?lang=en\">Weiterlesen<\/a><\/p>\n","protected":false},"author":151,"featured_media":0,"parent":0,"menu_order":0,"comment_status":"closed","ping_status":"closed","template":"","meta":{"_crdt_document":"","inline_featured_image":false,"footnotes":""},"class_list":["post-707","page","type-page","status-publish","hentry"],"_links":{"self":[{"href":"https:\/\/forschung.fh-kaernten.at\/reha2030\/wp-json\/wp\/v2\/pages\/707","targetHints":{"allow":["GET"]}}],"collection":[{"href":"https:\/\/forschung.fh-kaernten.at\/reha2030\/wp-json\/wp\/v2\/pages"}],"about":[{"href":"https:\/\/forschung.fh-kaernten.at\/reha2030\/wp-json\/wp\/v2\/types\/page"}],"author":[{"embeddable":true,"href":"https:\/\/forschung.fh-kaernten.at\/reha2030\/wp-json\/wp\/v2\/users\/151"}],"replies":[{"embeddable":true,"href":"https:\/\/forschung.fh-kaernten.at\/reha2030\/wp-json\/wp\/v2\/comments?post=707"}],"version-history":[{"count":0,"href":"https:\/\/forschung.fh-kaernten.at\/reha2030\/wp-json\/wp\/v2\/pages\/707\/revisions"}],"wp:attachment":[{"href":"https:\/\/forschung.fh-kaernten.at\/reha2030\/wp-json\/wp\/v2\/media?parent=707"}],"curies":[{"name":"wp","href":"https:\/\/api.w.org\/{rel}","templated":true}]}}