{"id":125,"date":"2020-05-29T14:53:40","date_gmt":"2020-05-29T12:53:40","guid":{"rendered":"https:\/\/forschung.fh-kaernten.at\/roadmap-5g\/?page_id=125"},"modified":"2023-12-20T09:30:42","modified_gmt":"2023-12-20T08:30:42","slug":"home","status":"publish","type":"page","link":"https:\/\/forschung.fh-kaernten.at\/roadmap-5g\/","title":{"rendered":"Home"},"content":{"rendered":"\t\t<div data-elementor-type=\"wp-page\" data-elementor-id=\"125\" class=\"elementor elementor-125\" data-elementor-post-type=\"page\">\n\t\t\t\t\t\t<section class=\"elementor-section elementor-top-section elementor-element elementor-element-022dafb elementor-section-boxed elementor-section-height-default elementor-section-height-default\" data-id=\"022dafb\" data-element_type=\"section\" data-e-type=\"section\">\n\t\t\t\t\t\t<div class=\"elementor-container elementor-column-gap-default\">\n\t\t\t\t\t<div class=\"elementor-column elementor-col-100 elementor-top-column elementor-element elementor-element-b158fcf\" data-id=\"b158fcf\" data-element_type=\"column\" data-e-type=\"column\">\n\t\t\t<div class=\"elementor-widget-wrap elementor-element-populated\">\n\t\t\t\t\t\t<div class=\"elementor-element elementor-element-ad31d6a elementor-widget elementor-widget-spacer\" data-id=\"ad31d6a\" data-element_type=\"widget\" data-e-type=\"widget\" data-widget_type=\"spacer.default\">\n\t\t\t\t<div class=\"elementor-widget-container\">\n\t\t\t\t\t\t\t<div class=\"elementor-spacer\">\n\t\t\t<div class=\"elementor-spacer-inner\"><\/div>\n\t\t<\/div>\n\t\t\t\t\t\t<\/div>\n\t\t\t\t<\/div>\n\t\t\t\t<div class=\"elementor-element elementor-element-4fc58bf elementor-widget elementor-widget-heading\" data-id=\"4fc58bf\" data-element_type=\"widget\" data-e-type=\"widget\" id=\"ziel\" data-widget_type=\"heading.default\">\n\t\t\t\t<div class=\"elementor-widget-container\">\n\t\t\t\t\t<h2 class=\"elementor-heading-title elementor-size-default\">Unser Ziel<\/h2>\t\t\t\t<\/div>\n\t\t\t\t<\/div>\n\t\t\t\t<div class=\"elementor-element elementor-element-b431838 elementor-widget-divider--view-line elementor-widget elementor-widget-divider\" data-id=\"b431838\" data-element_type=\"widget\" data-e-type=\"widget\" data-widget_type=\"divider.default\">\n\t\t\t\t<div class=\"elementor-widget-container\">\n\t\t\t\t\t\t\t<div class=\"elementor-divider\">\n\t\t\t<span class=\"elementor-divider-separator\">\n\t\t\t\t\t\t<\/span>\n\t\t<\/div>\n\t\t\t\t\t\t<\/div>\n\t\t\t\t<\/div>\n\t\t\t\t<div class=\"elementor-element elementor-element-52c024e elementor-widget elementor-widget-text-editor\" data-id=\"52c024e\" data-element_type=\"widget\" data-e-type=\"widget\" data-widget_type=\"text-editor.default\">\n\t\t\t\t<div class=\"elementor-widget-container\">\n\t\t\t\t\t\t\t\t\t<p>Willkommen auf der Webseite der Forschungsgruppe 5G an der Fachhochschule K\u00e4rnten.<\/p>\n<p>Die Forschungsgruppe ROADMAP-5G hat das Ziel, die Anforderungen und M\u00f6glichkeiten der zuk\u00fcnftigen Netzwerktopologien, die sich auf Basis der 5G-Mobilfunkgeneration ergeben werden, f\u00fcr das industrielle, kommunale und gewerbliche Umfeld zu untersuchen, um daraus Ma\u00dfnahmen f\u00fcr die optimale Durchf\u00fchrung einer 5G-Integration abzuleiten. Der Schwerpunkt wird dabei auf den Einsatz und die individuellen Gestaltungsm\u00f6glichkeiten der Mobile Edge Cloud, sowie der Identifikation der erforderlichen 5G-Network Slicing Parameter gelegt. Es werden Kompetenzen in Planung und Umsetzung spezifischer 5G-Use-Cases mit Partnern angestrebt. Die Forschungsgruppe soll ein unabh\u00e4ngiges Bindeglied zwischen den \u201eVerticals\u201c (den Anwendern) und den kommerziellen 5G-Netzbetreiber sein.<\/p>\n<p>Die F&amp;E-Aktivit\u00e4ten lassen sich thematisch in den softwarenahen und in den netzwerktechnik-spezifischen Bereich zuordnen. Die enge Kooperation und der Austausch der vorhandenen spezifischen Kompetenzen zwischen diesen beiden Themenbereichen innerhalb der Forschungsgruppe, erm\u00f6glicht die Durchf\u00fchrung von technisch komplexen Projekten.<\/p>\n<p>Auf den folgenden Seite erhalten Sie weitere Information \u00fcber\u00a0<a href=\"\/roadmap-5g#team\">unser Team<\/a>\u00a0und\u00a0<a href=\"\/roadmap-5g#forschung\">unsere Forschungsschwerpunkte<\/a>.<\/p>\t\t\t\t\t\t\t\t<\/div>\n\t\t\t\t<\/div>\n\t\t\t\t<div class=\"elementor-element elementor-element-41b8248 elementor-widget elementor-widget-spacer\" data-id=\"41b8248\" data-element_type=\"widget\" data-e-type=\"widget\" data-widget_type=\"spacer.default\">\n\t\t\t\t<div class=\"elementor-widget-container\">\n\t\t\t\t\t\t\t<div class=\"elementor-spacer\">\n\t\t\t<div class=\"elementor-spacer-inner\"><\/div>\n\t\t<\/div>\n\t\t\t\t\t\t<\/div>\n\t\t\t\t<\/div>\n\t\t\t\t\t<\/div>\n\t\t<\/div>\n\t\t\t\t\t<\/div>\n\t\t<\/section>\n\t\t\t\t<section class=\"elementor-section elementor-top-section elementor-element elementor-element-d59fa40 elementor-section-boxed elementor-section-height-default elementor-section-height-default\" data-id=\"d59fa40\" data-element_type=\"section\" data-e-type=\"section\" data-settings=\"{&quot;background_background&quot;:&quot;classic&quot;}\">\n\t\t\t\t\t\t<div class=\"elementor-container elementor-column-gap-default\">\n\t\t\t\t\t<div class=\"elementor-column elementor-col-100 elementor-top-column elementor-element elementor-element-b2efa04\" data-id=\"b2efa04\" data-element_type=\"column\" data-e-type=\"column\">\n\t\t\t<div class=\"elementor-widget-wrap elementor-element-populated\">\n\t\t\t\t\t\t<div class=\"elementor-element elementor-element-c6716d4 elementor-widget elementor-widget-spacer\" data-id=\"c6716d4\" data-element_type=\"widget\" data-e-type=\"widget\" data-widget_type=\"spacer.default\">\n\t\t\t\t<div class=\"elementor-widget-container\">\n\t\t\t\t\t\t\t<div class=\"elementor-spacer\">\n\t\t\t<div class=\"elementor-spacer-inner\"><\/div>\n\t\t<\/div>\n\t\t\t\t\t\t<\/div>\n\t\t\t\t<\/div>\n\t\t\t\t<div class=\"elementor-element elementor-element-0bc3f6f elementor-widget elementor-widget-heading\" data-id=\"0bc3f6f\" data-element_type=\"widget\" data-e-type=\"widget\" id=\"forschung\" data-widget_type=\"heading.default\">\n\t\t\t\t<div class=\"elementor-widget-container\">\n\t\t\t\t\t<h2 class=\"elementor-heading-title elementor-size-default\">Forschung<\/h2>\t\t\t\t<\/div>\n\t\t\t\t<\/div>\n\t\t\t\t<div class=\"elementor-element elementor-element-934be47 elementor-widget-divider--view-line elementor-widget elementor-widget-divider\" data-id=\"934be47\" data-element_type=\"widget\" data-e-type=\"widget\" data-widget_type=\"divider.default\">\n\t\t\t\t<div class=\"elementor-widget-container\">\n\t\t\t\t\t\t\t<div class=\"elementor-divider\">\n\t\t\t<span class=\"elementor-divider-separator\">\n\t\t\t\t\t\t<\/span>\n\t\t<\/div>\n\t\t\t\t\t\t<\/div>\n\t\t\t\t<\/div>\n\t\t\t\t<section class=\"elementor-section elementor-inner-section elementor-element elementor-element-16988d6 elementor-section-boxed elementor-section-height-default elementor-section-height-default\" data-id=\"16988d6\" data-element_type=\"section\" data-e-type=\"section\">\n\t\t\t\t\t\t<div class=\"elementor-container elementor-column-gap-default\">\n\t\t\t\t\t<div class=\"elementor-column elementor-col-50 elementor-inner-column elementor-element elementor-element-3a1dbc7\" data-id=\"3a1dbc7\" data-element_type=\"column\" data-e-type=\"column\">\n\t\t\t<div class=\"elementor-widget-wrap elementor-element-populated\">\n\t\t\t\t\t\t<div class=\"elementor-element elementor-element-d0f0c47 elementor-widget elementor-widget-text-editor\" data-id=\"d0f0c47\" data-element_type=\"widget\" data-e-type=\"widget\" data-widget_type=\"text-editor.default\">\n\t\t\t\t<div class=\"elementor-widget-container\">\n\t\t\t\t\t\t\t\t\t<p>Betrachtet man den Kommunikationsbedarf der \u201eVerticals\u201c, also Unternehmen aus den Bereichen Transport- und Logistik, Krankenanstalten, Automotive, Industrielle Produktion, Energieherstellung\/Energienetze, sowie kommunale Einrichtungen usw., so haben diese ganz andere Anforderungen an ein Kommunikationssystem als private Anwender, die mit ihren Smartphones schnell und g\u00fcnstig das Web nutzen wollen (und gelegentlich noch telefonieren). In der 5G-Welt werden eine Anzahl von sogenannten \u201eNetwork-Slices\u201c definiert, die jeweils unterschiedliche Vorteile mit sich bringen.<\/p>\t\t\t\t\t\t\t\t<\/div>\n\t\t\t\t<\/div>\n\t\t\t\t\t<\/div>\n\t\t<\/div>\n\t\t\t\t<div class=\"elementor-column elementor-col-50 elementor-inner-column elementor-element elementor-element-1e3caa6\" data-id=\"1e3caa6\" data-element_type=\"column\" data-e-type=\"column\">\n\t\t\t<div class=\"elementor-widget-wrap elementor-element-populated\">\n\t\t\t\t\t\t<div class=\"elementor-element elementor-element-8321bf4 elementor-widget elementor-widget-image\" data-id=\"8321bf4\" data-element_type=\"widget\" data-e-type=\"widget\" data-widget_type=\"image.default\">\n\t\t\t\t<div class=\"elementor-widget-container\">\n\t\t\t\t\t\t\t\t\t\t\t\t\t\t\t<img fetchpriority=\"high\" decoding=\"async\" width=\"859\" height=\"583\" src=\"data:image\/gif;base64,R0lGODlhAQABAAAAACH5BAEKAAEALAAAAAABAAEAAAICTAEAOw==\" class=\"attachment-large size-large wp-image-41 lazyload\" alt=\"\" sizes=\"(max-width: 859px) 100vw, 859px\" data-src=\"https:\/\/forschung.fh-kaernten.at\/roadmap-5g\/files\/2019\/10\/5G_Triangle_bearb.png\" data-srcset=\"https:\/\/forschung.fh-kaernten.at\/roadmap-5g\/files\/2019\/10\/5G_Triangle_bearb.png 859w, https:\/\/forschung.fh-kaernten.at\/roadmap-5g\/files\/2019\/10\/5G_Triangle_bearb-300x204.png 300w, https:\/\/forschung.fh-kaernten.at\/roadmap-5g\/files\/2019\/10\/5G_Triangle_bearb-768x521.png 768w\">\t\t\t\t\t\t\t\t\t\t\t\t\t\t\t<\/div>\n\t\t\t\t<\/div>\n\t\t\t\t\t<\/div>\n\t\t<\/div>\n\t\t\t\t\t<\/div>\n\t\t<\/section>\n\t\t\t\t<div class=\"elementor-element elementor-element-c063e70 elementor-widget elementor-widget-spacer\" data-id=\"c063e70\" data-element_type=\"widget\" data-e-type=\"widget\" data-widget_type=\"spacer.default\">\n\t\t\t\t<div class=\"elementor-widget-container\">\n\t\t\t\t\t\t\t<div class=\"elementor-spacer\">\n\t\t\t<div class=\"elementor-spacer-inner\"><\/div>\n\t\t<\/div>\n\t\t\t\t\t\t<\/div>\n\t\t\t\t<\/div>\n\t\t\t\t\t<\/div>\n\t\t<\/div>\n\t\t\t\t\t<\/div>\n\t\t<\/section>\n\t\t\t\t<section class=\"elementor-section elementor-top-section elementor-element elementor-element-a0a0096 elementor-section-boxed elementor-section-height-default elementor-section-height-default\" data-id=\"a0a0096\" data-element_type=\"section\" data-e-type=\"section\">\n\t\t\t\t\t\t<div class=\"elementor-container elementor-column-gap-default\">\n\t\t\t\t\t<div class=\"elementor-column elementor-col-100 elementor-top-column elementor-element elementor-element-133190e\" data-id=\"133190e\" data-element_type=\"column\" data-e-type=\"column\">\n\t\t\t<div class=\"elementor-widget-wrap elementor-element-populated\">\n\t\t\t\t\t\t<div class=\"elementor-element elementor-element-b98f4c1 elementor-widget elementor-widget-spacer\" data-id=\"b98f4c1\" data-element_type=\"widget\" data-e-type=\"widget\" data-widget_type=\"spacer.default\">\n\t\t\t\t<div class=\"elementor-widget-container\">\n\t\t\t\t\t\t\t<div class=\"elementor-spacer\">\n\t\t\t<div class=\"elementor-spacer-inner\"><\/div>\n\t\t<\/div>\n\t\t\t\t\t\t<\/div>\n\t\t\t\t<\/div>\n\t\t\t\t<div class=\"elementor-element elementor-element-bcb9822 elementor-widget elementor-widget-heading\" data-id=\"bcb9822\" data-element_type=\"widget\" data-e-type=\"widget\" id=\"blog\" data-widget_type=\"heading.default\">\n\t\t\t\t<div class=\"elementor-widget-container\">\n\t\t\t\t\t<h2 class=\"elementor-heading-title elementor-size-default\">Blog<\/h2>\t\t\t\t<\/div>\n\t\t\t\t<\/div>\n\t\t\t\t<div class=\"elementor-element elementor-element-01973b1 elementor-widget elementor-widget-wp-widget-recent-posts\" data-id=\"01973b1\" data-element_type=\"widget\" data-e-type=\"widget\" data-widget_type=\"wp-widget-recent-posts.default\">\n\t\t\t\t<div class=\"elementor-widget-container\">\n\t\t\t\t\t\n\t\t\n\t\t<h5>Neueste Beitr\u00e4ge<\/h5>\n\t\t<ul>\n\t\t\t\t\t\t\t\t\t\t\t<li>\n\t\t\t\t\t<a href=\"https:\/\/forschung.fh-kaernten.at\/roadmap-5g\/2023\/07\/13\/roadmap-5g-bei-der-etsi-iot-conference-2023\/\">ROADMAP-5G bei der ETSI IoT Conference 2023<\/a>\n\t\t\t\t\t\t\t\t\t\t\t<span class=\"post-date\">13. Juli 2023<\/span>\n\t\t\t\t\t\t\t\t\t<\/li>\n\t\t\t\t\t\t\t\t\t\t\t<li>\n\t\t\t\t\t<a href=\"https:\/\/forschung.fh-kaernten.at\/roadmap-5g\/2021\/11\/26\/containerized-setup-for-performance-tests-of-communication-networks\/\">Containerisiertes Setup f\u00fcr Performancetests von Kommunikationsnetzen<\/a>\n\t\t\t\t\t\t\t\t\t\t\t<span class=\"post-date\">26. November 2021<\/span>\n\t\t\t\t\t\t\t\t\t<\/li>\n\t\t\t\t\t\t\t\t\t\t\t<li>\n\t\t\t\t\t<a href=\"https:\/\/forschung.fh-kaernten.at\/roadmap-5g\/2021\/11\/09\/vergleich-der-starlink-performance-zwischen-juni-und-september\/\">Vergleich der Starlink-Performance zwischen Juni und September<\/a>\n\t\t\t\t\t\t\t\t\t\t\t<span class=\"post-date\">9. November 2021<\/span>\n\t\t\t\t\t\t\t\t\t<\/li>\n\t\t\t\t\t\t\t\t\t\t\t<li>\n\t\t\t\t\t<a href=\"https:\/\/forschung.fh-kaernten.at\/roadmap-5g\/2021\/07\/23\/analyse-einer-startlink-basierten-internetverbindung\/\">Analyse einer Starlink-basierten Internetverbindung<\/a>\n\t\t\t\t\t\t\t\t\t\t\t<span class=\"post-date\">23. Juli 2021<\/span>\n\t\t\t\t\t\t\t\t\t<\/li>\n\t\t\t\t\t\t\t\t\t\t\t<li>\n\t\t\t\t\t<a href=\"https:\/\/forschung.fh-kaernten.at\/roadmap-5g\/2019\/11\/08\/bericht-vom-fuseco-forum-2019-in-berlin\/\">Bericht vom FUSECO Forum 2019 in Berlin<\/a>\n\t\t\t\t\t\t\t\t\t\t\t<span class=\"post-date\">8. November 2019<\/span>\n\t\t\t\t\t\t\t\t\t<\/li>\n\t\t\t\t\t<\/ul>\n\n\t\t\t\t\t\t<\/div>\n\t\t\t\t<\/div>\n\t\t\t\t<div class=\"elementor-element elementor-element-861b38a elementor-widget elementor-widget-spacer\" data-id=\"861b38a\" data-element_type=\"widget\" data-e-type=\"widget\" data-widget_type=\"spacer.default\">\n\t\t\t\t<div class=\"elementor-widget-container\">\n\t\t\t\t\t\t\t<div class=\"elementor-spacer\">\n\t\t\t<div class=\"elementor-spacer-inner\"><\/div>\n\t\t<\/div>\n\t\t\t\t\t\t<\/div>\n\t\t\t\t<\/div>\n\t\t\t\t\t<\/div>\n\t\t<\/div>\n\t\t\t\t\t<\/div>\n\t\t<\/section>\n\t\t\t\t<section class=\"elementor-section elementor-top-section elementor-element elementor-element-d835e90 elementor-section-boxed elementor-section-height-default elementor-section-height-default\" data-id=\"d835e90\" data-element_type=\"section\" data-e-type=\"section\" data-settings=\"{&quot;background_background&quot;:&quot;classic&quot;}\">\n\t\t\t\t\t\t<div class=\"elementor-container elementor-column-gap-default\">\n\t\t\t\t\t<div class=\"elementor-column elementor-col-100 elementor-top-column elementor-element elementor-element-2a5286e\" data-id=\"2a5286e\" data-element_type=\"column\" data-e-type=\"column\">\n\t\t\t<div class=\"elementor-widget-wrap elementor-element-populated\">\n\t\t\t\t\t\t<div class=\"elementor-element elementor-element-7124390 elementor-widget elementor-widget-spacer\" data-id=\"7124390\" data-element_type=\"widget\" data-e-type=\"widget\" data-widget_type=\"spacer.default\">\n\t\t\t\t<div class=\"elementor-widget-container\">\n\t\t\t\t\t\t\t<div class=\"elementor-spacer\">\n\t\t\t<div class=\"elementor-spacer-inner\"><\/div>\n\t\t<\/div>\n\t\t\t\t\t\t<\/div>\n\t\t\t\t<\/div>\n\t\t\t\t<div class=\"elementor-element elementor-element-1da1d08 elementor-widget elementor-widget-heading\" data-id=\"1da1d08\" data-element_type=\"widget\" data-e-type=\"widget\" id=\"team\" data-widget_type=\"heading.default\">\n\t\t\t\t<div class=\"elementor-widget-container\">\n\t\t\t\t\t<h2 class=\"elementor-heading-title elementor-size-default\">Team<\/h2>\t\t\t\t<\/div>\n\t\t\t\t<\/div>\n\t\t\t\t<div class=\"elementor-element elementor-element-89cacad elementor-widget-divider--view-line elementor-widget elementor-widget-divider\" data-id=\"89cacad\" data-element_type=\"widget\" data-e-type=\"widget\" data-widget_type=\"divider.default\">\n\t\t\t\t<div class=\"elementor-widget-container\">\n\t\t\t\t\t\t\t<div class=\"elementor-divider\">\n\t\t\t<span class=\"elementor-divider-separator\">\n\t\t\t\t\t\t<\/span>\n\t\t<\/div>\n\t\t\t\t\t\t<\/div>\n\t\t\t\t<\/div>\n\t\t\t\t<div class=\"elementor-element elementor-element-ba2fcda elementor-widget elementor-widget-text-editor\" data-id=\"ba2fcda\" data-element_type=\"widget\" data-e-type=\"widget\" data-widget_type=\"text-editor.default\">\n\t\t\t\t<div class=\"elementor-widget-container\">\n\t\t\t\t\t\t\t\t\t<p>Das Team der Forschungsgruppe ist sehr fokussiert aufgestellt. Experten aus dem Bereich Funknetzplanung, Netzwerkmanagement und Softwareentwicklung\/Informatik bilden die Kerngruppe, unterst\u00fctzend hinzu kommen wissenschaftliche Mitarbeiter die einerseits \u00fcber (daten-) verkehrstheoretische und andererseits kommunikationstechnische Messtechnik-Kenntnisse verf\u00fcgen.<\/p>\t\t\t\t\t\t\t\t<\/div>\n\t\t\t\t<\/div>\n\t\t\t\t<div class=\"elementor-element elementor-element-4dc8073 elementor-widget elementor-widget-spacer\" data-id=\"4dc8073\" data-element_type=\"widget\" data-e-type=\"widget\" data-widget_type=\"spacer.default\">\n\t\t\t\t<div class=\"elementor-widget-container\">\n\t\t\t\t\t\t\t<div class=\"elementor-spacer\">\n\t\t\t<div class=\"elementor-spacer-inner\"><\/div>\n\t\t<\/div>\n\t\t\t\t\t\t<\/div>\n\t\t\t\t<\/div>\n\t\t\t\t\t<\/div>\n\t\t<\/div>\n\t\t\t\t\t<\/div>\n\t\t<\/section>\n\t\t\t\t<\/div>\n\t\t","protected":false},"excerpt":{"rendered":"<p>Unser Ziel Willkommen auf der Webseite der Forschungsgruppe 5G an der Fachhochschule K\u00e4rnten. Die Forschungsgruppe ROADMAP-5G hat das Ziel, die Anforderungen und [&hellip;]<\/p>\n","protected":false},"author":48,"featured_media":0,"parent":0,"menu_order":1,"comment_status":"closed","ping_status":"closed","template":"page-templates\/page_front-page.php","meta":{"_crdt_document":"","inline_featured_image":false,"footnotes":""},"class_list":["post-125","page","type-page","status-publish","hentry"],"_links":{"self":[{"href":"https:\/\/forschung.fh-kaernten.at\/roadmap-5g\/wp-json\/wp\/v2\/pages\/125","targetHints":{"allow":["GET"]}}],"collection":[{"href":"https:\/\/forschung.fh-kaernten.at\/roadmap-5g\/wp-json\/wp\/v2\/pages"}],"about":[{"href":"https:\/\/forschung.fh-kaernten.at\/roadmap-5g\/wp-json\/wp\/v2\/types\/page"}],"author":[{"embeddable":true,"href":"https:\/\/forschung.fh-kaernten.at\/roadmap-5g\/wp-json\/wp\/v2\/users\/48"}],"replies":[{"embeddable":true,"href":"https:\/\/forschung.fh-kaernten.at\/roadmap-5g\/wp-json\/wp\/v2\/comments?post=125"}],"version-history":[{"count":0,"href":"https:\/\/forschung.fh-kaernten.at\/roadmap-5g\/wp-json\/wp\/v2\/pages\/125\/revisions"}],"wp:attachment":[{"href":"https:\/\/forschung.fh-kaernten.at\/roadmap-5g\/wp-json\/wp\/v2\/media?parent=125"}],"curies":[{"name":"wp","href":"https:\/\/api.w.org\/{rel}","templated":true}]}}