{"id":207,"date":"2020-05-29T19:23:08","date_gmt":"2020-05-29T17:23:08","guid":{"rendered":"https:\/\/forschung.fh-kaernten.at\/roadmap-5g\/?page_id=207"},"modified":"2022-01-24T09:56:41","modified_gmt":"2022-01-24T08:56:41","slug":"impressum","status":"publish","type":"page","link":"https:\/\/forschung.fh-kaernten.at\/roadmap-5g\/impressum\/","title":{"rendered":"Impressum"},"content":{"rendered":"\t\t<div data-elementor-type=\"wp-page\" data-elementor-id=\"207\" class=\"elementor elementor-207\" data-elementor-post-type=\"page\">\n\t\t\t\t\t\t<section class=\"elementor-section elementor-top-section elementor-element elementor-element-57da1b9 elementor-section-boxed elementor-section-height-default elementor-section-height-default\" data-id=\"57da1b9\" data-element_type=\"section\" data-e-type=\"section\">\n\t\t\t\t\t\t<div class=\"elementor-container elementor-column-gap-default\">\n\t\t\t\t\t<div class=\"elementor-column elementor-col-100 elementor-top-column elementor-element elementor-element-1a8c86f\" data-id=\"1a8c86f\" data-element_type=\"column\" data-e-type=\"column\">\n\t\t\t<div class=\"elementor-widget-wrap elementor-element-populated\">\n\t\t\t\t\t\t<div class=\"elementor-element elementor-element-3f2a500 elementor-widget elementor-widget-heading\" data-id=\"3f2a500\" data-element_type=\"widget\" data-e-type=\"widget\" data-widget_type=\"heading.default\">\n\t\t\t\t<div class=\"elementor-widget-container\">\n\t\t\t\t\t<h2 class=\"elementor-heading-title elementor-size-default\">Impressum<\/h2>\t\t\t\t<\/div>\n\t\t\t\t<\/div>\n\t\t\t\t<div class=\"elementor-element elementor-element-1f81c50 elementor-widget-divider--view-line elementor-widget elementor-widget-divider\" data-id=\"1f81c50\" data-element_type=\"widget\" data-e-type=\"widget\" data-widget_type=\"divider.default\">\n\t\t\t\t<div class=\"elementor-widget-container\">\n\t\t\t\t\t\t\t<div class=\"elementor-divider\">\n\t\t\t<span class=\"elementor-divider-separator\">\n\t\t\t\t\t\t<\/span>\n\t\t<\/div>\n\t\t\t\t\t\t<\/div>\n\t\t\t\t<\/div>\n\t\t\t\t<div class=\"elementor-element elementor-element-2ab772c elementor-widget elementor-widget-text-editor\" data-id=\"2ab772c\" data-element_type=\"widget\" data-e-type=\"widget\" data-widget_type=\"text-editor.default\">\n\t\t\t\t<div class=\"elementor-widget-container\">\n\t\t\t\t\t\t\t\t\t<p><span style=\"font-weight: 600;\">Impressum\/Informationspflicht lt. \u00a7 5 Abs. 1 E-Commerce Gesetz<\/span><\/p>\n<p><strong>FH K\u00e4rnten \u2013 gemeinn\u00fctzige Gesellschaft mbH<\/strong><\/p>\n<p>Europastra\u00dfe 4, 9524 Villach<br>T: +43 5 90500<br>F: +43 (0)5 \/ 90500-9910<br><a>info@fh-kaernten.at<\/a>&nbsp;<\/p>\n<p><strong>Gesch\u00e4ftsf\u00fchrender Vorstandsvorsitzender<br><\/strong>DI Siegfried Spanz<\/p>\n<p><strong>Organisation<br><\/strong><a href=\"https:\/\/www.fh-kaernten.at\/fachhochschule\" target=\"_blank\" rel=\"noopener\">www.fh-kaernten.at\/fachhochschule<\/a><\/p>\n<p><strong>Standort<br><\/strong>FH K\u00e4rnten \u2013 gemeinn\u00fctzige Gesellschaft mbH<br>Europastra\u00dfe 4<br>9524 Villach<\/p>\n<p>FN566373b, LG Klagenfurt<br>UID-Nr:&nbsp;&nbsp; &nbsp;ATU77483224<br>IBAN&nbsp;&nbsp;&nbsp;&nbsp;&nbsp; AT88 1200 0100 3503 8529<br>BIC&nbsp;&nbsp;&nbsp;&nbsp;&nbsp;&nbsp;&nbsp;&nbsp; BKAUATWW<\/p>\n<p><span style=\"font-weight: 600;\">Haftung und Copyright<\/span><br>S\u00e4mtliche Texte auf dem Blog der FH K\u00e4rnten wurden sorgf\u00e4ltig gepr\u00fcft. Dessen ungeachtet kann keine Garantie f\u00fcr die Richtigkeit, Vollst\u00e4ndigkeit und Aktualit\u00e4t der Angaben \u00fcbernommen werden. Eine Haftung der FH K\u00e4rnten wird daher ausgeschlossen. Die Links zu anderen Webseiten wurden sorgf\u00e4ltig ausgew\u00e4hlt. Da die FH K\u00e4rnten auf deren Inhalt keinen Einfluss hat, \u00fcbernimmt die FH K\u00e4rnten daf\u00fcr keine Verantwortung. Die FH K\u00e4rnten haftet dar\u00fcber hinaus nicht f\u00fcr unautorisierte Bewerbung ihrer Angebote.<br>\u00a9 Das Copyright liegt bei der FH K\u00e4rnten.<\/p>\n<p><span style=\"font-weight: 600;\">Fotos:<\/span><br>* Colourbox&nbsp;<a href=\"https:\/\/www.colourbox.de\/\">www.colourbox.de<\/a><br>* Fotolia&nbsp;<a href=\"https:\/\/www.fotolia.de\/\">www.fotolia.de<\/a><br>* Pixabay&nbsp;<a href=\"https:\/\/www.pixabay.com\/\">www.pixabay.com<\/a><br>* Shutterstock&nbsp;<a href=\"https:\/\/www.shutterstock.com\/\">www.shutterstock.com<\/a><br>* K\u00e4rnten Werbung&nbsp;<a href=\"https:\/\/www.kaernten.at\/\">www.kaernten.at<\/a><br>* Helge Bauer&nbsp;<a href=\"https:\/\/www.helgebauer.at\/\">www.helgebauer.at<\/a><\/p>\n<p>Die FH K\u00e4rnten geht mit Ihren personenbezogenen Daten sorgf\u00e4ltig und gewissenhaft um. Bei der Datenverarbeitung beachten wir die rechtlichen nationalen und europ\u00e4ischen Datenschutzbestimmungen. Alle Daten werden auf Servern gespeichert, die mit einem hohen Sicherheitsstandard betrieben und vor dem Zugriff unberechtigter Personen und Missbrauch gesch\u00fctzt werden.<\/p>\n<p>F\u00fcr Fragen und Anliegen in Zusammenhang mit dem Datenschutz an der FH K\u00e4rnten steht Ihnen gerne unsere interne Ansprechperson zur Verf\u00fcgung, welche Sie per E-Mail unter&nbsp;<a href=\"mailto:datenschutz@fh-kaernten.at\">datenschutz@fh-kaernten.at<\/a>&nbsp;erreichen k\u00f6nnen.<\/p>\t\t\t\t\t\t\t\t<\/div>\n\t\t\t\t<\/div>\n\t\t\t\t<div class=\"elementor-element elementor-element-259c283 elementor-widget elementor-widget-text-editor\" data-id=\"259c283\" data-element_type=\"widget\" data-e-type=\"widget\" data-widget_type=\"text-editor.default\">\n\t\t\t\t<div class=\"elementor-widget-container\">\n\t\t\t\t\t\t\t\t\t<p><span style=\"font-weight: 600;\">Impressum\/Informationspflicht lt. \u00a7 5 Abs. 1 E-Commerce Gesetz<\/span><\/p><p><strong>FH K\u00e4rnten \u2013 gemeinn\u00fctzige Gesellschaft mbH<\/strong><\/p><p>Europastra\u00dfe 4<br \/>9524 Villach<br \/>T: +43 5 90500<br \/>F: +43 (0)5 \/ 90500-9910<br \/><a>info@fh-kaernten.at<\/a>\u00a0<\/p><p><strong>Gesch\u00e4ftsf\u00fchrender Vorstandsvorsitzender<br \/><\/strong>DI Siegfried Spanz<\/p><p><strong>Organisation<br \/><\/strong><a href=\"https:\/\/www.fh-kaernten.at\/fachhochschule\" target=\"_blank\" rel=\"noopener\">www.fh-kaernten.at\/fachhochschule<\/a><\/p><p><strong>Standort<br \/><\/strong>FH K\u00e4rnten \u2013 gemeinn\u00fctzige Gesellschaft mbH<br \/>Europastra\u00dfe 4<br \/>9524 Villach<\/p><p>FN566373b, LG Klagenfurt<br \/>UID-Nr:\u00a0\u00a0 \u00a0ATU77483224<br \/>IBAN\u00a0\u00a0\u00a0\u00a0\u00a0 AT88 1200 0100 3503 8529<br \/>BIC\u00a0\u00a0\u00a0\u00a0\u00a0\u00a0\u00a0\u00a0 BKAUATWW<\/p><p><span style=\"font-weight: 600;\">Haftung und Copyright<\/span><br \/>S\u00e4mtliche Texte auf dem Blog der FH K\u00e4rnten wurden sorgf\u00e4ltig gepr\u00fcft. Dessen ungeachtet kann keine Garantie f\u00fcr die Richtigkeit, Vollst\u00e4ndigkeit und Aktualit\u00e4t der Angaben \u00fcbernommen werden. Eine Haftung der FH K\u00e4rnten wird daher ausgeschlossen. Die Links zu anderen Webseiten wurden sorgf\u00e4ltig ausgew\u00e4hlt. Da die FH K\u00e4rnten auf deren Inhalt keinen Einfluss hat, \u00fcbernimmt die FH K\u00e4rnten daf\u00fcr keine Verantwortung. Die FH K\u00e4rnten haftet dar\u00fcber hinaus nicht f\u00fcr unautorisierte Bewerbung ihrer Angebote.<br \/>\u00a9 Das Copyright liegt bei der FH K\u00e4rnten.<\/p><p><span style=\"font-weight: 600;\">Fotos:<\/span><br \/>* Colourbox\u00a0<a href=\"https:\/\/www.colourbox.de\/\">www.colourbox.de<\/a><br \/>* Fotolia\u00a0<a href=\"https:\/\/www.fotolia.de\/\">www.fotolia.de<\/a><br \/>* Pixabay\u00a0<a href=\"https:\/\/www.pixabay.com\/\">www.pixabay.com<\/a><br \/>* Shutterstock\u00a0<a href=\"https:\/\/www.shutterstock.com\/\">www.shutterstock.com<\/a><br \/>* K\u00e4rnten Werbung\u00a0<a href=\"https:\/\/www.kaernten.at\/\">www.kaernten.at<\/a><br \/>* Helge Bauer\u00a0<a href=\"https:\/\/www.helgebauer.at\/\">www.helgebauer.at<\/a><\/p><p>Die FH K\u00e4rnten geht mit Ihren personenbezogenen Daten sorgf\u00e4ltig und gewissenhaft um. Bei der Datenverarbeitung beachten wir die rechtlichen nationalen und europ\u00e4ischen Datenschutzbestimmungen. Alle Daten werden auf Servern gespeichert, die mit einem hohen Sicherheitsstandard betrieben und vor dem Zugriff unberechtigter Personen und Missbrauch gesch\u00fctzt werden.<\/p><p>F\u00fcr Fragen und Anliegen in Zusammenhang mit dem Datenschutz an der FH K\u00e4rnten steht Ihnen gerne unsere interne Ansprechperson zur Verf\u00fcgung, welche Sie per E-Mail unter\u00a0<a href=\"mailto:datenschutz@fh-kaernten.at\">datenschutz@fh-kaernten.at<\/a>\u00a0erreichen k\u00f6nnen.<\/p>\t\t\t\t\t\t\t\t<\/div>\n\t\t\t\t<\/div>\n\t\t\t\t\t<\/div>\n\t\t<\/div>\n\t\t\t\t\t<\/div>\n\t\t<\/section>\n\t\t\t\t<\/div>\n\t\t","protected":false},"excerpt":{"rendered":"<p>Impressum Impressum\/Informationspflicht lt. \u00a7 5 Abs. 1 E-Commerce Gesetz FH K\u00e4rnten \u2013 gemeinn\u00fctzige Gesellschaft mbH Europastra\u00dfe 4, 9524 VillachT: +43 5 90500F: [&hellip;]<\/p>\n","protected":false},"author":48,"featured_media":0,"parent":0,"menu_order":0,"comment_status":"closed","ping_status":"closed","template":"elementor_header_footer","meta":{"_crdt_document":"","inline_featured_image":false,"footnotes":""},"class_list":["post-207","page","type-page","status-publish","hentry"],"_links":{"self":[{"href":"https:\/\/forschung.fh-kaernten.at\/roadmap-5g\/wp-json\/wp\/v2\/pages\/207","targetHints":{"allow":["GET"]}}],"collection":[{"href":"https:\/\/forschung.fh-kaernten.at\/roadmap-5g\/wp-json\/wp\/v2\/pages"}],"about":[{"href":"https:\/\/forschung.fh-kaernten.at\/roadmap-5g\/wp-json\/wp\/v2\/types\/page"}],"author":[{"embeddable":true,"href":"https:\/\/forschung.fh-kaernten.at\/roadmap-5g\/wp-json\/wp\/v2\/users\/48"}],"replies":[{"embeddable":true,"href":"https:\/\/forschung.fh-kaernten.at\/roadmap-5g\/wp-json\/wp\/v2\/comments?post=207"}],"version-history":[{"count":0,"href":"https:\/\/forschung.fh-kaernten.at\/roadmap-5g\/wp-json\/wp\/v2\/pages\/207\/revisions"}],"wp:attachment":[{"href":"https:\/\/forschung.fh-kaernten.at\/roadmap-5g\/wp-json\/wp\/v2\/media?parent=207"}],"curies":[{"name":"wp","href":"https:\/\/api.w.org\/{rel}","templated":true}]}}