{"id":830,"date":"2025-07-29T16:49:23","date_gmt":"2025-07-29T14:49:23","guid":{"rendered":"https:\/\/forschung.fh-kaernten.at\/sirad\/?page_id=830"},"modified":"2025-07-29T17:02:20","modified_gmt":"2025-07-29T15:02:20","slug":"klar-nationalparkgemeinden-oberes-moelltal","status":"publish","type":"page","link":"https:\/\/forschung.fh-kaernten.at\/sirad\/klar-nationalparkgemeinden-oberes-moelltal\/","title":{"rendered":"KLAR! Nationalparkgemeinden Oberes M\u00f6lltal"},"content":{"rendered":"\n<p class=\"wp-block-paragraph\"><a>KLAR! Nationalparkgemeinden Oberes M\u00f6lltal<\/a><\/p>\n\n\n\n<p class=\"wp-block-paragraph\">Das <strong>inhaltliche Ziel <\/strong>des Projektes ist es, die Nationalparkgemeinden Oberes M\u00f6lltal (Gro\u00dfkirchheim, Winklern, M\u00f6rtschach) bei der Umsetzung von KLAR! Ma\u00dfnahmen zu unterst\u00fctzen, um die M\u00f6glichkeit zu erhalten, sich mittels Anpassungsstrategien auf den Klimawandel vorzubereiten, die negativen Folgen des Klimawandels zu minimieren und die sich er\u00f6ffnenden Chancen erfolgreich zu nutzen.<\/p>\n\n\n\n<figure class=\"wp-block-image size-full\"><img loading=\"lazy\" decoding=\"async\" width=\"300\" height=\"212\" src=\"data:image\/gif;base64,R0lGODlhAQABAAAAACH5BAEKAAEALAAAAAABAAEAAAICTAEAOw==\" alt=\"\" class=\"wp-image-848 lazyload\" sizes=\"auto, (max-width: 300px) 100vw, 300px\" data-src=\"https:\/\/forschung.fh-kaernten.at\/sirad\/files\/2025\/07\/image.jpeg\" data-srcset=\"https:\/\/forschung.fh-kaernten.at\/sirad\/files\/2025\/07\/image.jpeg 300w, https:\/\/forschung.fh-kaernten.at\/sirad\/files\/2025\/07\/image-230x163.jpeg 230w\"><\/figure>\n\n\n\n<p class=\"wp-block-paragraph\">Partner-LINK: <a href=\"https:\/\/www.alpine-nature-campus.com\/klar-region\/\" target=\"_blank\" rel=\"noopener\">https:\/\/www.alpine-nature-campus.com\/klar-region\/<\/a><\/p>\n","protected":false},"excerpt":{"rendered":"<p>KLAR! Nationalparkgemeinden Oberes M\u00f6lltal Das inhaltliche Ziel des Projektes ist es, die Nationalparkgemeinden Oberes M\u00f6lltal (Gro\u00dfkirchheim, Winklern, M\u00f6rtschach) bei der Umsetzung von [&hellip;]<\/p>\n","protected":false},"author":257,"featured_media":0,"parent":0,"menu_order":0,"comment_status":"closed","ping_status":"closed","template":"","meta":{"_crdt_document":"","inline_featured_image":false,"footnotes":""},"class_list":["post-830","page","type-page","status-publish","hentry"],"yoast_head":"<!-- This site is optimized with the Yoast SEO plugin v27.4 - https:\/\/yoast.com\/product\/yoast-seo-wordpress\/ -->\n<title>KLAR! Nationalparkgemeinden Oberes M\u00f6lltal - SIRaD<\/title>\n<meta name=\"robots\" content=\"index, follow, max-snippet:-1, max-image-preview:large, max-video-preview:-1\" \/>\n<link rel=\"canonical\" href=\"https:\/\/forschung.fh-kaernten.at\/sirad\/klar-nationalparkgemeinden-oberes-moelltal\/\" \/>\n<meta property=\"og:locale\" content=\"de_DE\" \/>\n<meta property=\"og:type\" content=\"article\" \/>\n<meta property=\"og:title\" content=\"KLAR! Nationalparkgemeinden Oberes M\u00f6lltal - SIRaD\" \/>\n<meta property=\"og:description\" content=\"KLAR! Nationalparkgemeinden Oberes M\u00f6lltal Das inhaltliche Ziel des Projektes ist es, die Nationalparkgemeinden Oberes M\u00f6lltal (Gro\u00dfkirchheim, Winklern, M\u00f6rtschach) bei der Umsetzung von [&hellip;]\" \/>\n<meta property=\"og:url\" content=\"https:\/\/forschung.fh-kaernten.at\/sirad\/klar-nationalparkgemeinden-oberes-moelltal\/\" \/>\n<meta property=\"og:site_name\" content=\"SIRaD\" \/>\n<meta property=\"article:modified_time\" content=\"2025-07-29T15:02:20+00:00\" \/>\n<meta property=\"og:image\" content=\"https:\/\/forschung.fh-kaernten.at\/sirad\/files\/2025\/07\/image.jpeg\" \/>\n\t<meta property=\"og:image:width\" content=\"300\" \/>\n\t<meta property=\"og:image:height\" content=\"212\" \/>\n\t<meta property=\"og:image:type\" content=\"image\/jpeg\" \/>\n<meta name=\"twitter:card\" content=\"summary_large_image\" \/>\n<meta name=\"twitter:label1\" content=\"Gesch\u00e4tzte Lesezeit\" \/>\n\t<meta name=\"twitter:data1\" content=\"1\u00a0Minute\" \/>\n<script type=\"application\/ld+json\" class=\"yoast-schema-graph\">{\"@context\":\"https:\\\/\\\/schema.org\",\"@graph\":[{\"@type\":\"WebPage\",\"@id\":\"https:\\\/\\\/forschung.fh-kaernten.at\\\/sirad\\\/klar-nationalparkgemeinden-oberes-moelltal\\\/\",\"url\":\"https:\\\/\\\/forschung.fh-kaernten.at\\\/sirad\\\/klar-nationalparkgemeinden-oberes-moelltal\\\/\",\"name\":\"KLAR! Nationalparkgemeinden Oberes M\u00f6lltal - SIRaD\",\"isPartOf\":{\"@id\":\"https:\\\/\\\/forschung.fh-kaernten.at\\\/sirad\\\/#website\"},\"primaryImageOfPage\":{\"@id\":\"https:\\\/\\\/forschung.fh-kaernten.at\\\/sirad\\\/klar-nationalparkgemeinden-oberes-moelltal\\\/#primaryimage\"},\"image\":{\"@id\":\"https:\\\/\\\/forschung.fh-kaernten.at\\\/sirad\\\/klar-nationalparkgemeinden-oberes-moelltal\\\/#primaryimage\"},\"thumbnailUrl\":\"https:\\\/\\\/forschung.fh-kaernten.at\\\/sirad\\\/files\\\/2025\\\/07\\\/image.jpeg\",\"datePublished\":\"2025-07-29T14:49:23+00:00\",\"dateModified\":\"2025-07-29T15:02:20+00:00\",\"breadcrumb\":{\"@id\":\"https:\\\/\\\/forschung.fh-kaernten.at\\\/sirad\\\/klar-nationalparkgemeinden-oberes-moelltal\\\/#breadcrumb\"},\"inLanguage\":\"de\",\"potentialAction\":[{\"@type\":\"ReadAction\",\"target\":[\"https:\\\/\\\/forschung.fh-kaernten.at\\\/sirad\\\/klar-nationalparkgemeinden-oberes-moelltal\\\/\"]}]},{\"@type\":\"ImageObject\",\"inLanguage\":\"de\",\"@id\":\"https:\\\/\\\/forschung.fh-kaernten.at\\\/sirad\\\/klar-nationalparkgemeinden-oberes-moelltal\\\/#primaryimage\",\"url\":\"https:\\\/\\\/forschung.fh-kaernten.at\\\/sirad\\\/files\\\/2025\\\/07\\\/image.jpeg\",\"contentUrl\":\"https:\\\/\\\/forschung.fh-kaernten.at\\\/sirad\\\/files\\\/2025\\\/07\\\/image.jpeg\",\"width\":300,\"height\":212},{\"@type\":\"BreadcrumbList\",\"@id\":\"https:\\\/\\\/forschung.fh-kaernten.at\\\/sirad\\\/klar-nationalparkgemeinden-oberes-moelltal\\\/#breadcrumb\",\"itemListElement\":[{\"@type\":\"ListItem\",\"position\":1,\"name\":\"Startseite\",\"item\":\"https:\\\/\\\/forschung.fh-kaernten.at\\\/sirad\\\/\"},{\"@type\":\"ListItem\",\"position\":2,\"name\":\"KLAR! Nationalparkgemeinden Oberes M\u00f6lltal\"}]},{\"@type\":\"WebSite\",\"@id\":\"https:\\\/\\\/forschung.fh-kaernten.at\\\/sirad\\\/#website\",\"url\":\"https:\\\/\\\/forschung.fh-kaernten.at\\\/sirad\\\/\",\"name\":\"SIRaD\",\"description\":\"Sustainable Innovation Research and Development\",\"potentialAction\":[{\"@type\":\"SearchAction\",\"target\":{\"@type\":\"EntryPoint\",\"urlTemplate\":\"https:\\\/\\\/forschung.fh-kaernten.at\\\/sirad\\\/?s={search_term_string}\"},\"query-input\":{\"@type\":\"PropertyValueSpecification\",\"valueRequired\":true,\"valueName\":\"search_term_string\"}}],\"inLanguage\":\"de\"}]}<\/script>\n<!-- \/ Yoast SEO plugin. -->","yoast_head_json":{"title":"KLAR! Nationalparkgemeinden Oberes M\u00f6lltal - SIRaD","robots":{"index":"index","follow":"follow","max-snippet":"max-snippet:-1","max-image-preview":"max-image-preview:large","max-video-preview":"max-video-preview:-1"},"canonical":"https:\/\/forschung.fh-kaernten.at\/sirad\/klar-nationalparkgemeinden-oberes-moelltal\/","og_locale":"de_DE","og_type":"article","og_title":"KLAR! Nationalparkgemeinden Oberes M\u00f6lltal - SIRaD","og_description":"KLAR! Nationalparkgemeinden Oberes M\u00f6lltal Das inhaltliche Ziel des Projektes ist es, die Nationalparkgemeinden Oberes M\u00f6lltal (Gro\u00dfkirchheim, Winklern, M\u00f6rtschach) bei der Umsetzung von [&hellip;]","og_url":"https:\/\/forschung.fh-kaernten.at\/sirad\/klar-nationalparkgemeinden-oberes-moelltal\/","og_site_name":"SIRaD","article_modified_time":"2025-07-29T15:02:20+00:00","og_image":[{"width":300,"height":212,"url":"https:\/\/forschung.fh-kaernten.at\/sirad\/files\/2025\/07\/image.jpeg","type":"image\/jpeg"}],"twitter_card":"summary_large_image","twitter_misc":{"Gesch\u00e4tzte Lesezeit":"1\u00a0Minute"},"schema":{"@context":"https:\/\/schema.org","@graph":[{"@type":"WebPage","@id":"https:\/\/forschung.fh-kaernten.at\/sirad\/klar-nationalparkgemeinden-oberes-moelltal\/","url":"https:\/\/forschung.fh-kaernten.at\/sirad\/klar-nationalparkgemeinden-oberes-moelltal\/","name":"KLAR! Nationalparkgemeinden Oberes M\u00f6lltal - SIRaD","isPartOf":{"@id":"https:\/\/forschung.fh-kaernten.at\/sirad\/#website"},"primaryImageOfPage":{"@id":"https:\/\/forschung.fh-kaernten.at\/sirad\/klar-nationalparkgemeinden-oberes-moelltal\/#primaryimage"},"image":{"@id":"https:\/\/forschung.fh-kaernten.at\/sirad\/klar-nationalparkgemeinden-oberes-moelltal\/#primaryimage"},"thumbnailUrl":"https:\/\/forschung.fh-kaernten.at\/sirad\/files\/2025\/07\/image.jpeg","datePublished":"2025-07-29T14:49:23+00:00","dateModified":"2025-07-29T15:02:20+00:00","breadcrumb":{"@id":"https:\/\/forschung.fh-kaernten.at\/sirad\/klar-nationalparkgemeinden-oberes-moelltal\/#breadcrumb"},"inLanguage":"de","potentialAction":[{"@type":"ReadAction","target":["https:\/\/forschung.fh-kaernten.at\/sirad\/klar-nationalparkgemeinden-oberes-moelltal\/"]}]},{"@type":"ImageObject","inLanguage":"de","@id":"https:\/\/forschung.fh-kaernten.at\/sirad\/klar-nationalparkgemeinden-oberes-moelltal\/#primaryimage","url":"https:\/\/forschung.fh-kaernten.at\/sirad\/files\/2025\/07\/image.jpeg","contentUrl":"https:\/\/forschung.fh-kaernten.at\/sirad\/files\/2025\/07\/image.jpeg","width":300,"height":212},{"@type":"BreadcrumbList","@id":"https:\/\/forschung.fh-kaernten.at\/sirad\/klar-nationalparkgemeinden-oberes-moelltal\/#breadcrumb","itemListElement":[{"@type":"ListItem","position":1,"name":"Startseite","item":"https:\/\/forschung.fh-kaernten.at\/sirad\/"},{"@type":"ListItem","position":2,"name":"KLAR! Nationalparkgemeinden Oberes M\u00f6lltal"}]},{"@type":"WebSite","@id":"https:\/\/forschung.fh-kaernten.at\/sirad\/#website","url":"https:\/\/forschung.fh-kaernten.at\/sirad\/","name":"SIRaD","description":"Sustainable Innovation Research and Development","potentialAction":[{"@type":"SearchAction","target":{"@type":"EntryPoint","urlTemplate":"https:\/\/forschung.fh-kaernten.at\/sirad\/?s={search_term_string}"},"query-input":{"@type":"PropertyValueSpecification","valueRequired":true,"valueName":"search_term_string"}}],"inLanguage":"de"}]}},"_links":{"self":[{"href":"https:\/\/forschung.fh-kaernten.at\/sirad\/wp-json\/wp\/v2\/pages\/830","targetHints":{"allow":["GET"]}}],"collection":[{"href":"https:\/\/forschung.fh-kaernten.at\/sirad\/wp-json\/wp\/v2\/pages"}],"about":[{"href":"https:\/\/forschung.fh-kaernten.at\/sirad\/wp-json\/wp\/v2\/types\/page"}],"author":[{"embeddable":true,"href":"https:\/\/forschung.fh-kaernten.at\/sirad\/wp-json\/wp\/v2\/users\/257"}],"replies":[{"embeddable":true,"href":"https:\/\/forschung.fh-kaernten.at\/sirad\/wp-json\/wp\/v2\/comments?post=830"}],"version-history":[{"count":0,"href":"https:\/\/forschung.fh-kaernten.at\/sirad\/wp-json\/wp\/v2\/pages\/830\/revisions"}],"wp:attachment":[{"href":"https:\/\/forschung.fh-kaernten.at\/sirad\/wp-json\/wp\/v2\/media?parent=830"}],"curies":[{"name":"wp","href":"https:\/\/api.w.org\/{rel}","templated":true}]}}