{"id":284,"date":"2025-06-27T10:52:01","date_gmt":"2025-06-27T08:52:01","guid":{"rendered":"https:\/\/forschung.fh-kaernten.at\/sitar\/?page_id=284"},"modified":"2026-03-10T11:34:04","modified_gmt":"2026-03-10T10:34:04","slug":"projektinhalte","status":"publish","type":"page","link":"https:\/\/forschung.fh-kaernten.at\/sitar\/projektinhalte\/","title":{"rendered":"Projektinhalte"},"content":{"rendered":"\t\t<div data-elementor-type=\"wp-page\" data-elementor-id=\"284\" class=\"elementor elementor-284\" data-elementor-post-type=\"page\">\n\t\t\t\t<div class=\"elementor-element elementor-element-2811594 e-flex e-con-boxed e-con e-parent\" data-id=\"2811594\" data-element_type=\"container\" data-e-type=\"container\">\n\t\t\t\t\t<div class=\"e-con-inner\">\n\t\t\t\t<div class=\"elementor-element elementor-element-57eb146 elementor-widget elementor-widget-heading\" data-id=\"57eb146\" data-element_type=\"widget\" data-e-type=\"widget\" data-widget_type=\"heading.default\">\n\t\t\t\t<div class=\"elementor-widget-container\">\n\t\t\t\t\t<h2 class=\"elementor-heading-title elementor-size-default\">WP1_ Projektmanagement und Kommunikation<\/h2>\t\t\t\t<\/div>\n\t\t\t\t<\/div>\n\t\t\t\t\t<\/div>\n\t\t\t\t<\/div>\n\t\t<div class=\"elementor-element elementor-element-7b39238 e-flex e-con-boxed e-con e-parent\" data-id=\"7b39238\" data-element_type=\"container\" data-e-type=\"container\">\n\t\t\t\t\t<div class=\"e-con-inner\">\n\t\t\t\t<div class=\"elementor-element elementor-element-a4c4966 elementor-widget elementor-widget-text-editor\" data-id=\"a4c4966\" data-element_type=\"widget\" data-e-type=\"widget\" data-widget_type=\"text-editor.default\">\n\t\t\t\t<div class=\"elementor-widget-container\">\n\t\t\t\t\t\t\t\t\t<p>WP1 wird sich mit der administrativen Organisation (Aktivit\u00e4t 1.1) des Projekts SITAR und der Dissemination (Aktivit\u00e4t 1.2) seiner Ergebnisse befassen. Die Aktivit\u00e4t 1.1 wird von CUAS \u00fcbernommen, w\u00e4hrend alle anderen Teilnehmer zusammen mit CUAS die Disseminationsaktivit\u00e4ten durchf\u00fchren werden. Das Hauptaugenmerk von Aktivit\u00e4t 1.1 wird darauf liegen, einen reibungslosen Ablauf des Projekts zu gew\u00e4hrleisten und das Konsortium in die Lage zu versetzen, die Ergebnisse zeitgerecht zu liefern und gleichzeitig bereit zu sein, jedes Hindernis, das das Projekt selbst beeintr\u00e4chtigen k\u00f6nnte, zu \u00fcberwinden. Aktivit\u00e4t 1.2 wird sich auf die Dissemination der Ergebnisse konzentrieren. Zu diesem Zweck wird eine Website eingerichtet, die eine allgemeine Beschreibung des Projekts SITAR sowie einen Download-Bereich enth\u00e4lt, in dem die Nutzer auf die Projektergebnisse zugreifen k\u00f6nnen. Dar\u00fcber hinaus werden die Verbreitungsaktivit\u00e4ten auch die wissenschaftliche Community durch die Ver\u00f6ffentlichung von Zeitschriftenartikeln und die Teilnahme der Partner an hochrangigen Konferenzen einbeziehen. Um die Reichweite der wissenschaftlichen Ver\u00f6ffentlichungen zu maximieren, werden Open-Access-Lizenzoptionen bevorzugt, um die Projektergebnisse einer breiteren \u00d6ffentlichkeit zug\u00e4nglich zu machen.<\/p>\t\t\t\t\t\t\t\t<\/div>\n\t\t\t\t<\/div>\n\t\t\t\t\t<\/div>\n\t\t\t\t<\/div>\n\t\t<div class=\"elementor-element elementor-element-57ea88a e-flex e-con-boxed e-con e-parent\" data-id=\"57ea88a\" data-element_type=\"container\" data-e-type=\"container\">\n\t\t\t\t\t<div class=\"e-con-inner\">\n\t\t\t\t<div class=\"elementor-element elementor-element-afb7a69 elementor-widget elementor-widget-heading\" data-id=\"afb7a69\" data-element_type=\"widget\" data-e-type=\"widget\" data-widget_type=\"heading.default\">\n\t\t\t\t<div class=\"elementor-widget-container\">\n\t\t\t\t\t<h2 class=\"elementor-heading-title elementor-size-default\">WP2_ Sammeln von Informationen<\/h2>\t\t\t\t<\/div>\n\t\t\t\t<\/div>\n\t\t\t\t\t<\/div>\n\t\t\t\t<\/div>\n\t\t<div class=\"elementor-element elementor-element-4a4ea5d e-flex e-con-boxed e-con e-parent\" data-id=\"4a4ea5d\" data-element_type=\"container\" data-e-type=\"container\">\n\t\t\t\t\t<div class=\"e-con-inner\">\n\t\t\t\t<div class=\"elementor-element elementor-element-e25c314 elementor-widget elementor-widget-text-editor\" data-id=\"e25c314\" data-element_type=\"widget\" data-e-type=\"widget\" data-widget_type=\"text-editor.default\">\n\t\t\t\t<div class=\"elementor-widget-container\">\n\t\t\t\t\t\t\t\t\t<p>WP2 wird sich mit der Erfassung des vorhandenen Wissens \u00fcber die Planung, den Bau und den Abriss von klimafreundlichen Ingenieurbauwerken befassen. Dies wird notwendig sein, um das Vorhandensein m\u00f6glicher Hindernisse bei solchen Aktivit\u00e4ten zu bewerten. Diese Hindernisse k\u00f6nnen unterschiedlicher Art sein, einschlie\u00dflich rechtlicher, praktischer und wirtschaftlicher Art. WP2 wird sich auf diese Aspekte konzentrieren und darauf, wie sie sowohl in Italien als auch in \u00d6sterreich behandelt oder umgesetzt werden. Dar\u00fcber hinaus werden Informationen dar\u00fcber gesammelt, wie diese Aktivit\u00e4ten in anderen L\u00e4ndern gehandhabt werden, die mit klimafreundlichen Ans\u00e4tzen im Geb\u00e4ude- und Bausektor experimentieren und mit den am Projekt beteiligten L\u00e4ndern verglichen werden. Jeder Partner wird sich auf verschiedene Themen konzentrieren, die f\u00fcr den Bausektor von Interesse sind, und die Sichtweise verschiedener Akteure des Sektors auf der Grundlage ihres Fachwissens vertreten. Im Einzelnen werden sich CUAS und UNIUD auf die neuesten Entwicklungen bei der Verwendung klimafreundlicher Baumaterialien und die in der wissenschaftlichen Literatur verf\u00fcgbaren Ans\u00e4tze konzentrieren; ISB wird sich auf die Verwendung und Herstellung klimafreundlicher Zementmaterialien konzentrieren, einschlie\u00dflich der Verwendung von gemischten oder alternativen Zementen mit der Unterst\u00fctzung von Alpacem; Bergmeister GmbH wird sich auf die Planung klimafreundlicher Strukturen konzentrieren und dabei Aspekte im Zusammenhang mit den Grenzen der aktuellen Vorschriften und verf\u00fcgbaren Werkzeuge behandeln; Antonio Basso S. p.A. wird sich auf die Grenzen der Vorfertigung und der Baumaterialien konzentrieren, einschlie\u00dflich rechtlicher, praktischer und wirtschaftlicher Aspekte; Friul Julia Appalti wird sich auf Fragen im Zusammenhang mit dem Management, der Trennung, der Wiederverwendung und dem Recycling von Baumaterialien konzentrieren.<\/p>\t\t\t\t\t\t\t\t<\/div>\n\t\t\t\t<\/div>\n\t\t\t\t\t<\/div>\n\t\t\t\t<\/div>\n\t\t<div class=\"elementor-element elementor-element-ab2cad0 e-flex e-con-boxed e-con e-parent\" data-id=\"ab2cad0\" data-element_type=\"container\" data-e-type=\"container\">\n\t\t\t\t\t<div class=\"e-con-inner\">\n\t\t\t\t<div class=\"elementor-element elementor-element-0d6779d elementor-widget elementor-widget-heading\" data-id=\"0d6779d\" data-element_type=\"widget\" data-e-type=\"widget\" data-widget_type=\"heading.default\">\n\t\t\t\t<div class=\"elementor-widget-container\">\n\t\t\t\t\t<h4 class=\"elementor-heading-title elementor-size-default\">Liste der erzielten Ergebnisse\n<\/h4>\t\t\t\t<\/div>\n\t\t\t\t<\/div>\n\t\t<div class=\"elementor-element elementor-element-a1225ba e-con-full e-flex e-con e-child\" data-id=\"a1225ba\" data-element_type=\"container\" data-e-type=\"container\">\n\t\t\t\t<div class=\"elementor-element elementor-element-3f2a5eb elementor-widget elementor-widget-text-editor\" data-id=\"3f2a5eb\" data-element_type=\"widget\" data-e-type=\"widget\" data-widget_type=\"text-editor.default\">\n\t\t\t\t<div class=\"elementor-widget-container\">\n\t\t\t\t\t\t\t\t\t<ul><li><span style=\"font-size: 14pt\"><strong>Report on the limitations of the use of innovative cementitious materials and Report on the limitations of the use of innovative structural reinforcement solutions <\/strong><\/span>&#8211; von CUAS &#8211; zum Download des Berichts bitte <span style=\"color: #0000ff\"><a style=\"color: #0000ff\" href=\"https:\/\/forschung.fh-kaernten.at\/sitar\/files\/2026\/03\/Technical-report_01-FINAL-ZENODO-online.pdf\" target=\"_blank\" rel=\"noopener\">hier <\/a><\/span>klicken (momentan ist nur die englische Version verf\u00fcgbar).<\/li><li><span style=\"font-size: 14pt\"><strong>Evaluation of limits on materials\u00a0<\/strong><\/span>&#8211; von ISB &#8211; zum Download des Berichts bitte <span style=\"color: #0000ff\"><a style=\"color: #0000ff\" href=\"https:\/\/forschung.fh-kaernten.at\/sitar\/files\/2025\/10\/Deliverable-WP2-ISB-Englisch.pdf\" target=\"_blank\" rel=\"noopener\">hier <\/a><\/span>klicken (momentan ist nur die englische Version verf\u00fcgbar).<\/li><li><strong><span style=\"font-size: 14pt\">Report sull\u2019utilizzo dei materiali di scarto nel calcestruzzo <\/span><\/strong>&#8211; von University of Udine &#8211; zum Download des Berichts bitte <span style=\"color: #0000ff\"><a style=\"color: #0000ff\" href=\"https:\/\/forschung.fh-kaernten.at\/sitar\/files\/2025\/10\/rendicontazione-scientifica_wp2.1.pdf\" target=\"_blank\" rel=\"noopener\">hier <\/a><\/span>klicken (momentan ist nur die italienische Version verf\u00fcgbar).<\/li><li><span style=\"font-size: 14pt\"><strong>Report sui limiti di utilizzo di armature non tradizionali <\/strong><\/span>&#8211; von University of Udine &#8211; zum Download des Berichts bitte <span style=\"color: #0000ff\"><a style=\"color: #0000ff\" href=\"https:\/\/forschung.fh-kaernten.at\/sitar\/files\/2025\/10\/rendicontazione-scientifica_wp2.2.pdf\" target=\"_blank\" rel=\"noopener\">hier <\/a><\/span>klicken (momentan ist nur die italienische Version verf\u00fcgbar).<\/li><li><span style=\"font-size: 14pt\"><strong><span data-teams=\"true\">Report on the use of recycled aggregates, additives and optimisation of reinforcement<\/span> <\/strong><\/span>&#8211; von Bergmeister &#8211; zum Download des Berichts bitte <a style=\"background-color: #ffffff\" href=\"https:\/\/forschung.fh-kaernten.at\/sitar\/files\/2025\/10\/Abschlussbericht_WP2_20250814.pdf\" target=\"_blank\" rel=\"noopener\"><span style=\"color: #0000ff\">hier<\/span> <\/a>klicken (momentan ist nur die deutsche Version verf\u00fcgbar).<\/li><li><span style=\"font-size: 14pt\"><strong>Analisi delle normative vigenti sulla gestione dei rifiuti da costruzione e demolizione, sui rifiuti inerti e sulle terre e rocce da scavo <\/strong><\/span>&#8211; von Fiul Julia Appalti S.r.l. &#8211; zum Download des Berichts bitte <span style=\"color: #0000ff\"><a style=\"color: #0000ff\" href=\"https:\/\/forschung.fh-kaernten.at\/sitar\/files\/2025\/10\/PP4_DEFINITIVA-INVIATA-Relazione-normativa-rifiuti-komp.pdf\" target=\"_blank\" rel=\"noopener\">hier <\/a><\/span>klicken (momentan ist nur die italienische Version verf\u00fcgbar).<\/li><li><span style=\"font-size: 14pt\"><strong>Report on the practical limits in the production of low-impact structures<\/strong><\/span> &#8211; von Antonio Basso S.p.A. &#8211; zum Download des Berichts bitte<span style=\"color: #0000ff\"> <a style=\"color: #0000ff\" href=\"https:\/\/forschung.fh-kaernten.at\/sitar\/files\/2025\/10\/Deliverable-AB-WP2.pdf\" target=\"_blank\" rel=\"noopener\">hier<\/a><\/span> klicken (momentan ist nur die italienische Version verf\u00fcgbar).<\/li><\/ul>\t\t\t\t\t\t\t\t<\/div>\n\t\t\t\t<\/div>\n\t\t\t\t<\/div>\n\t\t\t\t\t<\/div>\n\t\t\t\t<\/div>\n\t\t<div class=\"elementor-element elementor-element-609f156 e-flex e-con-boxed e-con e-parent\" data-id=\"609f156\" data-element_type=\"container\" data-e-type=\"container\">\n\t\t\t\t\t<div class=\"e-con-inner\">\n\t\t\t\t<div class=\"elementor-element elementor-element-aab5ebf elementor-widget elementor-widget-heading\" data-id=\"aab5ebf\" data-element_type=\"widget\" data-e-type=\"widget\" data-widget_type=\"heading.default\">\n\t\t\t\t<div class=\"elementor-widget-container\">\n\t\t\t\t\t<h2 class=\"elementor-heading-title elementor-size-default\">WP3_ Entwicklung von L\u00f6sungen<\/h2>\t\t\t\t<\/div>\n\t\t\t\t<\/div>\n\t\t\t\t\t<\/div>\n\t\t\t\t<\/div>\n\t\t<div class=\"elementor-element elementor-element-1521c4c e-flex e-con-boxed e-con e-parent\" data-id=\"1521c4c\" data-element_type=\"container\" data-e-type=\"container\">\n\t\t\t\t\t<div class=\"e-con-inner\">\n\t\t\t\t<div class=\"elementor-element elementor-element-5985257 elementor-widget elementor-widget-text-editor\" data-id=\"5985257\" data-element_type=\"widget\" data-e-type=\"widget\" data-widget_type=\"text-editor.default\">\n\t\t\t\t<div class=\"elementor-widget-container\">\n\t\t\t\t\t\t\t\t\t<p>WP3 wird L\u00f6sungen zur \u00dcberwindung der in WP2 festgestellten Hindernisse und Einschr\u00e4nkungen entwickeln und bereitstellen, die den \u00dcbergang der Bauindustrie zu klimafreundlichen Praktiken behindern k\u00f6nnten. WP3 wird in vier Hauptaktivit\u00e4ten unterteilt: 3.1 &#8211; Entwicklung von L\u00f6sungen f\u00fcr Materialien; 3.2 &#8211; Entwicklung von L\u00f6sungen f\u00fcr Strukturen; 3.3 &#8211; Entwicklung einer vereinfachten und schnellen Bewertungsmethodik f\u00fcr die vorl\u00e4ufige Umweltvertr\u00e4glichkeitspr\u00fcfung von Bau- und Verst\u00e4rkungsaktivit\u00e4ten; 3.4 &#8211; Testen von experimentellen Demonstratoren. Im Rahmen der Aktivit\u00e4t 3.1 werden L\u00f6sungen entwickelt, die die Verwendung von klimafreundlichen Materialien f\u00fcr den Bau von strukturellen und nicht-strukturellen Elementen erm\u00f6glichen und\/oder beschleunigen. CUAS, UNIUD, ISB und FJA werden mit der Unterst\u00fctzung von Alpacem an dieser Aktivit\u00e4t teilnehmen. Im Rahmen der Aktivit\u00e4t 3.2 werden L\u00f6sungen f\u00fcr eine bessere Planung, Gestaltung und Konstruktion von klimafreundlichen Strukturen entwickelt. CUAS, UNIUD, BM und AB werden an dieser Aktivit\u00e4t beteiligt sein. Im Rahmen der Aktivit\u00e4t 3.3 wird eine Ex-ante-Bewertungsmethodik entwickelt, um die Umweltvertr\u00e4glichkeit verschiedener L\u00f6sungen zu definieren. CUAS, UNIUD, ISB und BM werden an dieser Aktivit\u00e4t beteiligt sein. Die Aktivit\u00e4t 3.4 sieht die Durchf\u00fchrung einer sehr begrenzten Anzahl von experimentellen Tests an Strukturelementen vor, die nach Kriterien der Umweltvertr\u00e4glichkeit entworfen wurden, um diese zu demonstrieren. Die CUAS wird diese Tests in ihrem Strukturlabor durchf\u00fchren. Die anderen Partner werden einen Beitrag zur Gestaltung der Elemente leisten.<\/p>\t\t\t\t\t\t\t\t<\/div>\n\t\t\t\t<\/div>\n\t\t\t\t\t<\/div>\n\t\t\t\t<\/div>\n\t\t<div class=\"elementor-element elementor-element-dd53364 e-flex e-con-boxed e-con e-parent\" data-id=\"dd53364\" data-element_type=\"container\" data-e-type=\"container\">\n\t\t\t\t\t<div class=\"e-con-inner\">\n\t\t\t\t<div class=\"elementor-element elementor-element-2a4da2a elementor-widget elementor-widget-heading\" data-id=\"2a4da2a\" data-element_type=\"widget\" data-e-type=\"widget\" data-widget_type=\"heading.default\">\n\t\t\t\t<div class=\"elementor-widget-container\">\n\t\t\t\t\t<h2 class=\"elementor-heading-title elementor-size-default\">WP4_ <span lang=\"IT\">Durchf<\/span>\u00fchrung von Unterst\u00fctzungsma\u00dfnahmen<\/h2>\t\t\t\t<\/div>\n\t\t\t\t<\/div>\n\t\t\t\t\t<\/div>\n\t\t\t\t<\/div>\n\t\t<div class=\"elementor-element elementor-element-c9a4a82 e-flex e-con-boxed e-con e-parent\" data-id=\"c9a4a82\" data-element_type=\"container\" data-e-type=\"container\">\n\t\t\t\t\t<div class=\"e-con-inner\">\n\t\t\t\t<div class=\"elementor-element elementor-element-0a641e6 elementor-widget elementor-widget-text-editor\" data-id=\"0a641e6\" data-element_type=\"widget\" data-e-type=\"widget\" data-widget_type=\"text-editor.default\">\n\t\t\t\t<div class=\"elementor-widget-container\">\n\t\t\t\t\t\t\t\t\t<p>WP4 wird die in WP2 und WP3 erzielten Ergebnisse nutzen, um Unterst\u00fctzungsma\u00dfnahmen zu entwickeln und umzusetzen, die dem Bausektor bei seinem \u00dcbergang zu klimafreundlichen Praktiken helfen k\u00f6nnen. Dieses Arbeitspaket wird aus drei Hauptaktivit\u00e4ten bestehen: 4.1 &#8211; Erstellung von Handb\u00fcchern; 4.2 &#8211; Entwicklung von Schulungskursen; 4.3 &#8211; Entwicklung von Werkzeugen. Aktivit\u00e4t 4.1 zielt darauf ab, Dokumente zu entwickeln, die die verschiedenen Akteure im Bauwesen unterst\u00fctzen k\u00f6nnen. Diese Handb\u00fccher werden detaillierte Erkl\u00e4rungen dar\u00fcber enthalten, wie klimafreundliche Praktiken in den verschiedenen Aktivit\u00e4ten des Bausektors umgesetzt werden k\u00f6nnen. Dar\u00fcber hinaus werden die Handb\u00fccher durch eine Reihe von Beispielen erg\u00e4nzt, um den Nutzern einen praktischen Ansatz zu vermitteln und die Anwendung der vorgeschlagenen L\u00f6sungen zu erleichtern. Im Rahmen der Aktivit\u00e4t 4.2 werden Schulungen f\u00fcr Studenten und verschiedene Kategorien von Betreibern und Akteuren im Bausektor zur Umsetzung umweltfreundlicher Praktiken angeboten. Der Inhalt der Kurse wird sich bis zu einem gewissen Grad mit dem der Handb\u00fccher decken. Die Kurse werden jedoch an bestimmte Kategorien angepasst und erm\u00f6glichen daher tiefer gehende und detailliertere Erkl\u00e4rungen. W\u00e4hrend der Projektlaufzeit werden diese Kurse haupts\u00e4chlich in Form von Seminaren stattfinden. Es wird jedoch erwartet, dass diese Kurse nach dem erfolgreichen Abschluss des SITAR-Projekts in einer strukturierteren Weise weiterentwickelt werden, z. B. durch die Einbeziehung in Bachelor- und Masterstudieng\u00e4nge, zertifizierte Kurse f\u00fcr Fachleute (z. B. Weiterbildung) usw. Im Rahmen von Aktivit\u00e4t 4.3 werden Instrumente entwickelt, die den verschiedenen Akteuren im Baugewerbe bei der Umsetzung klimafreundlicher L\u00f6sungen helfen. Diese Instrumente k\u00f6nnen eine Vielzahl von Themen abdecken, wie z. B. schnelle Umweltbewertung, Entwurf und Planung, Optimierung von Elementen usw., und k\u00f6nnen die Form von Software, grafischen Diagrammen, Tabellen, Frageb\u00f6gen usw. haben.<\/p>\t\t\t\t\t\t\t\t<\/div>\n\t\t\t\t<\/div>\n\t\t\t\t\t<\/div>\n\t\t\t\t<\/div>\n\t\t\t\t<\/div>\n\t\t","protected":false},"excerpt":{"rendered":"<p>WP1_ Projektmanagement und Kommunikation WP1 wird sich mit der administrativen Organisation (Aktivit\u00e4t 1.1) des Projekts SITAR und der Dissemination (Aktivit\u00e4t 1.2) seiner [&hellip;]<\/p>\n","protected":false},"author":107,"featured_media":0,"parent":0,"menu_order":0,"comment_status":"closed","ping_status":"closed","template":"","meta":{"_crdt_document":"","inline_featured_image":false,"footnotes":""},"class_list":["post-284","page","type-page","status-publish","hentry"],"yoast_head":"<!-- This site is optimized with the Yoast SEO plugin v27.4 - https:\/\/yoast.com\/product\/yoast-seo-wordpress\/ -->\n<title>Projektinhalte -<\/title>\n<meta name=\"robots\" content=\"index, follow, max-snippet:-1, max-image-preview:large, max-video-preview:-1\" \/>\n<link rel=\"canonical\" href=\"https:\/\/forschung.fh-kaernten.at\/sitar\/projektinhalte\/\" \/>\n<meta property=\"og:locale\" content=\"de_DE\" \/>\n<meta property=\"og:type\" content=\"article\" \/>\n<meta property=\"og:title\" content=\"Projektinhalte -\" \/>\n<meta property=\"og:description\" content=\"WP1_ Projektmanagement und Kommunikation WP1 wird sich mit der administrativen Organisation (Aktivit\u00e4t 1.1) des Projekts SITAR und der Dissemination (Aktivit\u00e4t 1.2) seiner [&hellip;]\" \/>\n<meta property=\"og:url\" content=\"https:\/\/forschung.fh-kaernten.at\/sitar\/projektinhalte\/\" \/>\n<meta property=\"article:modified_time\" content=\"2026-03-10T10:34:04+00:00\" \/>\n<meta name=\"twitter:card\" content=\"summary_large_image\" \/>\n<meta name=\"twitter:label1\" content=\"Gesch\u00e4tzte Lesezeit\" \/>\n\t<meta name=\"twitter:data1\" content=\"7\u00a0Minuten\" \/>\n<script type=\"application\/ld+json\" class=\"yoast-schema-graph\">{\"@context\":\"https:\\\/\\\/schema.org\",\"@graph\":[{\"@type\":\"WebPage\",\"@id\":\"https:\\\/\\\/forschung.fh-kaernten.at\\\/sitar\\\/projektinhalte\\\/\",\"url\":\"https:\\\/\\\/forschung.fh-kaernten.at\\\/sitar\\\/projektinhalte\\\/\",\"name\":\"Projektinhalte -\",\"isPartOf\":{\"@id\":\"https:\\\/\\\/forschung.fh-kaernten.at\\\/sitar\\\/#website\"},\"datePublished\":\"2025-06-27T08:52:01+00:00\",\"dateModified\":\"2026-03-10T10:34:04+00:00\",\"breadcrumb\":{\"@id\":\"https:\\\/\\\/forschung.fh-kaernten.at\\\/sitar\\\/projektinhalte\\\/#breadcrumb\"},\"inLanguage\":\"de\",\"potentialAction\":[{\"@type\":\"ReadAction\",\"target\":[\"https:\\\/\\\/forschung.fh-kaernten.at\\\/sitar\\\/projektinhalte\\\/\"]}]},{\"@type\":\"BreadcrumbList\",\"@id\":\"https:\\\/\\\/forschung.fh-kaernten.at\\\/sitar\\\/projektinhalte\\\/#breadcrumb\",\"itemListElement\":[{\"@type\":\"ListItem\",\"position\":1,\"name\":\"Startseite\",\"item\":\"https:\\\/\\\/forschung.fh-kaernten.at\\\/sitar\\\/\"},{\"@type\":\"ListItem\",\"position\":2,\"name\":\"Projektinhalte\"}]},{\"@type\":\"WebSite\",\"@id\":\"https:\\\/\\\/forschung.fh-kaernten.at\\\/sitar\\\/#website\",\"url\":\"https:\\\/\\\/forschung.fh-kaernten.at\\\/sitar\\\/\",\"name\":\"\",\"description\":\"\",\"potentialAction\":[{\"@type\":\"SearchAction\",\"target\":{\"@type\":\"EntryPoint\",\"urlTemplate\":\"https:\\\/\\\/forschung.fh-kaernten.at\\\/sitar\\\/?s={search_term_string}\"},\"query-input\":{\"@type\":\"PropertyValueSpecification\",\"valueRequired\":true,\"valueName\":\"search_term_string\"}}],\"inLanguage\":\"de\"}]}<\/script>\n<!-- \/ Yoast SEO plugin. -->","yoast_head_json":{"title":"Projektinhalte -","robots":{"index":"index","follow":"follow","max-snippet":"max-snippet:-1","max-image-preview":"max-image-preview:large","max-video-preview":"max-video-preview:-1"},"canonical":"https:\/\/forschung.fh-kaernten.at\/sitar\/projektinhalte\/","og_locale":"de_DE","og_type":"article","og_title":"Projektinhalte -","og_description":"WP1_ Projektmanagement und Kommunikation WP1 wird sich mit der administrativen Organisation (Aktivit\u00e4t 1.1) des Projekts SITAR und der Dissemination (Aktivit\u00e4t 1.2) seiner [&hellip;]","og_url":"https:\/\/forschung.fh-kaernten.at\/sitar\/projektinhalte\/","article_modified_time":"2026-03-10T10:34:04+00:00","twitter_card":"summary_large_image","twitter_misc":{"Gesch\u00e4tzte Lesezeit":"7\u00a0Minuten"},"schema":{"@context":"https:\/\/schema.org","@graph":[{"@type":"WebPage","@id":"https:\/\/forschung.fh-kaernten.at\/sitar\/projektinhalte\/","url":"https:\/\/forschung.fh-kaernten.at\/sitar\/projektinhalte\/","name":"Projektinhalte -","isPartOf":{"@id":"https:\/\/forschung.fh-kaernten.at\/sitar\/#website"},"datePublished":"2025-06-27T08:52:01+00:00","dateModified":"2026-03-10T10:34:04+00:00","breadcrumb":{"@id":"https:\/\/forschung.fh-kaernten.at\/sitar\/projektinhalte\/#breadcrumb"},"inLanguage":"de","potentialAction":[{"@type":"ReadAction","target":["https:\/\/forschung.fh-kaernten.at\/sitar\/projektinhalte\/"]}]},{"@type":"BreadcrumbList","@id":"https:\/\/forschung.fh-kaernten.at\/sitar\/projektinhalte\/#breadcrumb","itemListElement":[{"@type":"ListItem","position":1,"name":"Startseite","item":"https:\/\/forschung.fh-kaernten.at\/sitar\/"},{"@type":"ListItem","position":2,"name":"Projektinhalte"}]},{"@type":"WebSite","@id":"https:\/\/forschung.fh-kaernten.at\/sitar\/#website","url":"https:\/\/forschung.fh-kaernten.at\/sitar\/","name":"","description":"","potentialAction":[{"@type":"SearchAction","target":{"@type":"EntryPoint","urlTemplate":"https:\/\/forschung.fh-kaernten.at\/sitar\/?s={search_term_string}"},"query-input":{"@type":"PropertyValueSpecification","valueRequired":true,"valueName":"search_term_string"}}],"inLanguage":"de"}]}},"_links":{"self":[{"href":"https:\/\/forschung.fh-kaernten.at\/sitar\/wp-json\/wp\/v2\/pages\/284","targetHints":{"allow":["GET"]}}],"collection":[{"href":"https:\/\/forschung.fh-kaernten.at\/sitar\/wp-json\/wp\/v2\/pages"}],"about":[{"href":"https:\/\/forschung.fh-kaernten.at\/sitar\/wp-json\/wp\/v2\/types\/page"}],"author":[{"embeddable":true,"href":"https:\/\/forschung.fh-kaernten.at\/sitar\/wp-json\/wp\/v2\/users\/107"}],"replies":[{"embeddable":true,"href":"https:\/\/forschung.fh-kaernten.at\/sitar\/wp-json\/wp\/v2\/comments?post=284"}],"version-history":[{"count":6,"href":"https:\/\/forschung.fh-kaernten.at\/sitar\/wp-json\/wp\/v2\/pages\/284\/revisions"}],"predecessor-version":[{"id":742,"href":"https:\/\/forschung.fh-kaernten.at\/sitar\/wp-json\/wp\/v2\/pages\/284\/revisions\/742"}],"wp:attachment":[{"href":"https:\/\/forschung.fh-kaernten.at\/sitar\/wp-json\/wp\/v2\/media?parent=284"}],"curies":[{"name":"wp","href":"https:\/\/api.w.org\/{rel}","templated":true}]}}